{"id":85,"date":"2024-04-26T07:53:52","date_gmt":"2024-04-26T07:53:52","guid":{"rendered":"https:\/\/interiores.escuelaartegranada.com\/anarodriguez\/?post_type=project&#038;p=85"},"modified":"2024-05-09T09:36:32","modified_gmt":"2024-05-09T09:36:32","slug":"vivienda-minima","status":"publish","type":"project","link":"https:\/\/interiores.escuelaartegranada.com\/anarodriguez\/project\/vivienda-minima\/","title":{"rendered":"Vivienda m\u00ednima"},"content":{"rendered":"<p>[et_pb_section fb_built=\u00bb1&#8243; _builder_version=\u00bb4.25.0&#8243; _module_preset=\u00bbdefault\u00bb global_colors_info=\u00bb{}\u00bb][et_pb_row _builder_version=\u00bb4.25.0&#8243; _module_preset=\u00bbdefault\u00bb global_colors_info=\u00bb{}\u00bb][et_pb_column type=\u00bb4_4&#8243; _builder_version=\u00bb4.25.0&#8243; _module_preset=\u00bbdefault\u00bb global_colors_info=\u00bb{}\u00bb][et_pb_text _builder_version=\u00bb4.25.0&#8243; _module_preset=\u00bbdefault\u00bb text_font_size=\u00bb30px\u00bb global_colors_info=\u00bb{}\u00bb]<\/p>\n<p>Vivienda m\u00ednima<\/p>\n<p>[\/et_pb_text][\/et_pb_column][\/et_pb_row][et_pb_row _builder_version=\u00bb4.25.0&#8243; _module_preset=\u00bbdefault\u00bb width=\u00bb100%\u00bb max_width=\u00bb1920px\u00bb custom_padding=\u00bb|||0px||\u00bb global_colors_info=\u00bb{}\u00bb][et_pb_column type=\u00bb4_4&#8243; _builder_version=\u00bb4.25.0&#8243; _module_preset=\u00bbdefault\u00bb global_colors_info=\u00bb{}\u00bb][et_pb_image src=\u00bbhttps:\/\/interiores.escuelaartegranada.com\/anarodriguez\/wp-content\/uploads\/sites\/73\/2024\/05\/bano-2.png\u00bb title_text=\u00bbba\u00f1o 2&#8243; _builder_version=\u00bb4.25.0&#8243; _module_preset=\u00bbdefault\u00bb width=\u00bb100%\u00bb global_colors_info=\u00bb{}\u00bb][\/et_pb_image][\/et_pb_column][\/et_pb_row][et_pb_row _builder_version=\u00bb4.25.0&#8243; _module_preset=\u00bbdefault\u00bb global_colors_info=\u00bb{}\u00bb][et_pb_column type=\u00bb4_4&#8243; _builder_version=\u00bb4.25.0&#8243; _module_preset=\u00bbdefault\u00bb global_colors_info=\u00bb{}\u00bb][et_pb_text _builder_version=\u00bb4.25.0&#8243; _module_preset=\u00bbdefault\u00bb global_colors_info=\u00bb{}\u00bb]<\/p>\n<p><span>Reforma, distribuci\u00f3n y amueblamiento de una vivienda de dimensiones m\u00ednimas con un estilo minimalista y juvenil. A pesar de su tama\u00f1o se ha conseguido optimizar al m\u00e1ximo el almacenamiento y el espacio con mobiliario a medida.<\/span><\/p>\n<p>[\/et_pb_text][\/et_pb_column][\/et_pb_row][et_pb_row _builder_version=\u00bb4.25.0&#8243; _module_preset=\u00bbdefault\u00bb global_colors_info=\u00bb{}\u00bb][et_pb_column type=\u00bb4_4&#8243; _builder_version=\u00bb4.25.0&#8243; _module_preset=\u00bbdefault\u00bb global_colors_info=\u00bb{}\u00bb][et_pb_gallery gallery_ids=\u00bb57,58,56,54,55,59,60&#8243; posts_number=\u00bb8&#8243; show_title_and_caption=\u00bboff\u00bb show_pagination=\u00bboff\u00bb _builder_version=\u00bb4.25.0&#8243; _module_preset=\u00bbdefault\u00bb global_colors_info=\u00bb{}\u00bb][\/et_pb_gallery][\/et_pb_column][\/et_pb_row][\/et_pb_section]<\/p>\n","protected":false},"excerpt":{"rendered":"<p>Vivienda m\u00ednimaReforma, distribuci\u00f3n y amueblamiento de una vivienda de dimensiones m\u00ednimas con un estilo minimalista y juvenil. A pesar de su tama\u00f1o se ha conseguido optimizar al m\u00e1ximo el almacenamiento y el espacio con mobiliario a medida.<\/p>\n","protected":false},"author":72,"featured_media":140,"comment_status":"open","ping_status":"closed","template":"","meta":{"_et_pb_use_builder":"on","_et_pb_old_content":"","_et_gb_content_width":"","footnotes":""},"project_category":[2],"project_tag":[],"class_list":["post-85","project","type-project","status-publish","has-post-thumbnail","hentry","project_category-vivienda"],"yoast_head":"<!-- This site is optimized with the Yoast SEO plugin v24.5 - https:\/\/yoast.com\/wordpress\/plugins\/seo\/ -->\n<title>Vivienda m\u00ednima - Portfolio Ana Rodriguez<\/title>\n<meta name=\"robots\" content=\"index, follow, max-snippet:-1, max-image-preview:large, max-video-preview:-1\" \/>\n<link rel=\"canonical\" href=\"https:\/\/interiores.escuelaartegranada.com\/anarodriguez\/project\/vivienda-minima\/\" \/>\n<meta property=\"og:locale\" content=\"es_ES\" \/>\n<meta property=\"og:type\" content=\"article\" \/>\n<meta property=\"og:title\" content=\"Vivienda m\u00ednima - Portfolio Ana Rodriguez\" \/>\n<meta property=\"og:description\" content=\"Vivienda m\u00ednimaReforma, distribuci\u00f3n y amueblamiento de una vivienda de dimensiones m\u00ednimas con un estilo minimalista y juvenil. A pesar de su tama\u00f1o se ha conseguido optimizar al m\u00e1ximo el almacenamiento y el espacio con mobiliario a medida.\" \/>\n<meta property=\"og:url\" content=\"https:\/\/interiores.escuelaartegranada.com\/anarodriguez\/project\/vivienda-minima\/\" \/>\n<meta property=\"og:site_name\" content=\"Portfolio Ana Rodriguez\" \/>\n<meta property=\"article:modified_time\" content=\"2024-05-09T09:36:32+00:00\" \/>\n<meta property=\"og:image\" content=\"https:\/\/interiores.escuelaartegranada.com\/anarodriguez\/wp-content\/uploads\/sites\/73\/2024\/04\/vm.png\" \/>\n\t<meta property=\"og:image:width\" content=\"600\" \/>\n\t<meta property=\"og:image:height\" content=\"600\" \/>\n\t<meta property=\"og:image:type\" content=\"image\/png\" \/>\n<meta name=\"twitter:card\" content=\"summary_large_image\" \/>\n<meta name=\"twitter:label1\" content=\"Tiempo de lectura\" \/>\n\t<meta name=\"twitter:data1\" content=\"2 minutos\" \/>\n<script type=\"application\/ld+json\" class=\"yoast-schema-graph\">{\"@context\":\"https:\/\/schema.org\",\"@graph\":[{\"@type\":\"WebPage\",\"@id\":\"https:\/\/interiores.escuelaartegranada.com\/anarodriguez\/project\/vivienda-minima\/\",\"url\":\"https:\/\/interiores.escuelaartegranada.com\/anarodriguez\/project\/vivienda-minima\/\",\"name\":\"Vivienda m\u00ednima - Portfolio Ana Rodriguez\",\"isPartOf\":{\"@id\":\"https:\/\/interiores.escuelaartegranada.com\/anarodriguez\/#website\"},\"primaryImageOfPage\":{\"@id\":\"https:\/\/interiores.escuelaartegranada.com\/anarodriguez\/project\/vivienda-minima\/#primaryimage\"},\"image\":{\"@id\":\"https:\/\/interiores.escuelaartegranada.com\/anarodriguez\/project\/vivienda-minima\/#primaryimage\"},\"thumbnailUrl\":\"https:\/\/interiores.escuelaartegranada.com\/anarodriguez\/wp-content\/uploads\/sites\/73\/2024\/04\/vm.png\",\"datePublished\":\"2024-04-26T07:53:52+00:00\",\"dateModified\":\"2024-05-09T09:36:32+00:00\",\"breadcrumb\":{\"@id\":\"https:\/\/interiores.escuelaartegranada.com\/anarodriguez\/project\/vivienda-minima\/#breadcrumb\"},\"inLanguage\":\"es\",\"potentialAction\":[{\"@type\":\"ReadAction\",\"target\":[\"https:\/\/interiores.escuelaartegranada.com\/anarodriguez\/project\/vivienda-minima\/\"]}]},{\"@type\":\"ImageObject\",\"inLanguage\":\"es\",\"@id\":\"https:\/\/interiores.escuelaartegranada.com\/anarodriguez\/project\/vivienda-minima\/#primaryimage\",\"url\":\"https:\/\/interiores.escuelaartegranada.com\/anarodriguez\/wp-content\/uploads\/sites\/73\/2024\/04\/vm.png\",\"contentUrl\":\"https:\/\/interiores.escuelaartegranada.com\/anarodriguez\/wp-content\/uploads\/sites\/73\/2024\/04\/vm.png\",\"width\":600,\"height\":600},{\"@type\":\"BreadcrumbList\",\"@id\":\"https:\/\/interiores.escuelaartegranada.com\/anarodriguez\/project\/vivienda-minima\/#breadcrumb\",\"itemListElement\":[{\"@type\":\"ListItem\",\"position\":1,\"name\":\"Portada\",\"item\":\"https:\/\/interiores.escuelaartegranada.com\/anarodriguez\/\"},{\"@type\":\"ListItem\",\"position\":2,\"name\":\"Proyectos\",\"item\":\"https:\/\/interiores.escuelaartegranada.com\/anarodriguez\/project\/\"},{\"@type\":\"ListItem\",\"position\":3,\"name\":\"Vivienda m\u00ednima\"}]},{\"@type\":\"WebSite\",\"@id\":\"https:\/\/interiores.escuelaartegranada.com\/anarodriguez\/#website\",\"url\":\"https:\/\/interiores.escuelaartegranada.com\/anarodriguez\/\",\"name\":\"Portfolio Ana Rodriguez\",\"description\":\"\",\"potentialAction\":[{\"@type\":\"SearchAction\",\"target\":{\"@type\":\"EntryPoint\",\"urlTemplate\":\"https:\/\/interiores.escuelaartegranada.com\/anarodriguez\/?s={search_term_string}\"},\"query-input\":{\"@type\":\"PropertyValueSpecification\",\"valueRequired\":true,\"valueName\":\"search_term_string\"}}],\"inLanguage\":\"es\"}]}<\/script>\n<!-- \/ Yoast SEO plugin. -->","yoast_head_json":{"title":"Vivienda m\u00ednima - Portfolio Ana Rodriguez","robots":{"index":"index","follow":"follow","max-snippet":"max-snippet:-1","max-image-preview":"max-image-preview:large","max-video-preview":"max-video-preview:-1"},"canonical":"https:\/\/interiores.escuelaartegranada.com\/anarodriguez\/project\/vivienda-minima\/","og_locale":"es_ES","og_type":"article","og_title":"Vivienda m\u00ednima - Portfolio Ana Rodriguez","og_description":"Vivienda m\u00ednimaReforma, distribuci\u00f3n y amueblamiento de una vivienda de dimensiones m\u00ednimas con un estilo minimalista y juvenil. A pesar de su tama\u00f1o se ha conseguido optimizar al m\u00e1ximo el almacenamiento y el espacio con mobiliario a medida.","og_url":"https:\/\/interiores.escuelaartegranada.com\/anarodriguez\/project\/vivienda-minima\/","og_site_name":"Portfolio Ana Rodriguez","article_modified_time":"2024-05-09T09:36:32+00:00","og_image":[{"width":600,"height":600,"url":"https:\/\/interiores.escuelaartegranada.com\/anarodriguez\/wp-content\/uploads\/sites\/73\/2024\/04\/vm.png","type":"image\/png"}],"twitter_card":"summary_large_image","twitter_misc":{"Tiempo de lectura":"2 minutos"},"schema":{"@context":"https:\/\/schema.org","@graph":[{"@type":"WebPage","@id":"https:\/\/interiores.escuelaartegranada.com\/anarodriguez\/project\/vivienda-minima\/","url":"https:\/\/interiores.escuelaartegranada.com\/anarodriguez\/project\/vivienda-minima\/","name":"Vivienda m\u00ednima - Portfolio Ana Rodriguez","isPartOf":{"@id":"https:\/\/interiores.escuelaartegranada.com\/anarodriguez\/#website"},"primaryImageOfPage":{"@id":"https:\/\/interiores.escuelaartegranada.com\/anarodriguez\/project\/vivienda-minima\/#primaryimage"},"image":{"@id":"https:\/\/interiores.escuelaartegranada.com\/anarodriguez\/project\/vivienda-minima\/#primaryimage"},"thumbnailUrl":"https:\/\/interiores.escuelaartegranada.com\/anarodriguez\/wp-content\/uploads\/sites\/73\/2024\/04\/vm.png","datePublished":"2024-04-26T07:53:52+00:00","dateModified":"2024-05-09T09:36:32+00:00","breadcrumb":{"@id":"https:\/\/interiores.escuelaartegranada.com\/anarodriguez\/project\/vivienda-minima\/#breadcrumb"},"inLanguage":"es","potentialAction":[{"@type":"ReadAction","target":["https:\/\/interiores.escuelaartegranada.com\/anarodriguez\/project\/vivienda-minima\/"]}]},{"@type":"ImageObject","inLanguage":"es","@id":"https:\/\/interiores.escuelaartegranada.com\/anarodriguez\/project\/vivienda-minima\/#primaryimage","url":"https:\/\/interiores.escuelaartegranada.com\/anarodriguez\/wp-content\/uploads\/sites\/73\/2024\/04\/vm.png","contentUrl":"https:\/\/interiores.escuelaartegranada.com\/anarodriguez\/wp-content\/uploads\/sites\/73\/2024\/04\/vm.png","width":600,"height":600},{"@type":"BreadcrumbList","@id":"https:\/\/interiores.escuelaartegranada.com\/anarodriguez\/project\/vivienda-minima\/#breadcrumb","itemListElement":[{"@type":"ListItem","position":1,"name":"Portada","item":"https:\/\/interiores.escuelaartegranada.com\/anarodriguez\/"},{"@type":"ListItem","position":2,"name":"Proyectos","item":"https:\/\/interiores.escuelaartegranada.com\/anarodriguez\/project\/"},{"@type":"ListItem","position":3,"name":"Vivienda m\u00ednima"}]},{"@type":"WebSite","@id":"https:\/\/interiores.escuelaartegranada.com\/anarodriguez\/#website","url":"https:\/\/interiores.escuelaartegranada.com\/anarodriguez\/","name":"Portfolio Ana Rodriguez","description":"","potentialAction":[{"@type":"SearchAction","target":{"@type":"EntryPoint","urlTemplate":"https:\/\/interiores.escuelaartegranada.com\/anarodriguez\/?s={search_term_string}"},"query-input":{"@type":"PropertyValueSpecification","valueRequired":true,"valueName":"search_term_string"}}],"inLanguage":"es"}]}},"_links":{"self":[{"href":"https:\/\/interiores.escuelaartegranada.com\/anarodriguez\/wp-json\/wp\/v2\/project\/85","targetHints":{"allow":["GET"]}}],"collection":[{"href":"https:\/\/interiores.escuelaartegranada.com\/anarodriguez\/wp-json\/wp\/v2\/project"}],"about":[{"href":"https:\/\/interiores.escuelaartegranada.com\/anarodriguez\/wp-json\/wp\/v2\/types\/project"}],"author":[{"embeddable":true,"href":"https:\/\/interiores.escuelaartegranada.com\/anarodriguez\/wp-json\/wp\/v2\/users\/72"}],"replies":[{"embeddable":true,"href":"https:\/\/interiores.escuelaartegranada.com\/anarodriguez\/wp-json\/wp\/v2\/comments?post=85"}],"version-history":[{"count":7,"href":"https:\/\/interiores.escuelaartegranada.com\/anarodriguez\/wp-json\/wp\/v2\/project\/85\/revisions"}],"predecessor-version":[{"id":141,"href":"https:\/\/interiores.escuelaartegranada.com\/anarodriguez\/wp-json\/wp\/v2\/project\/85\/revisions\/141"}],"wp:featuredmedia":[{"embeddable":true,"href":"https:\/\/interiores.escuelaartegranada.com\/anarodriguez\/wp-json\/wp\/v2\/media\/140"}],"wp:attachment":[{"href":"https:\/\/interiores.escuelaartegranada.com\/anarodriguez\/wp-json\/wp\/v2\/media?parent=85"}],"wp:term":[{"taxonomy":"project_category","embeddable":true,"href":"https:\/\/interiores.escuelaartegranada.com\/anarodriguez\/wp-json\/wp\/v2\/project_category?post=85"},{"taxonomy":"project_tag","embeddable":true,"href":"https:\/\/interiores.escuelaartegranada.com\/anarodriguez\/wp-json\/wp\/v2\/project_tag?post=85"}],"curies":[{"name":"wp","href":"https:\/\/api.w.org\/{rel}","templated":true}]}}

Vivienda mínima

<p>[et_pb_section fb_built=»1&#8243; _builder_version=»4.25.0&#8243; _module_preset=»default» global_colors_info=»{}»][et_pb_row _builder_version=»4.25.0&#8243; _module_preset=»default» global_colors_info=»{}»][et_pb_column type=»4_4&#8243; _builder_version=»4.25.0&#8243; _module_preset=»default» global_colors_info=»{}»][et_pb_text _builder_version=»4.25.0&#8243; _module_preset=»default» text_font_size=»30px» global_colors_info=»{}»]</p>
<p>Vivienda mínima</p>
<p>[/et_pb_text][/et_pb_column][/et_pb_row][et_pb_row _builder_version=»4.25.0&#8243; _module_preset=»default» width=»100%» max_width=»1920px» custom_padding=»|||0px||» global_colors_info=»{}»][et_pb_column type=»4_4&#8243; _builder_version=»4.25.0&#8243; _module_preset=»default» global_colors_info=»{}»][et_pb_image src=»https://interiores.escuelaartegranada.com/anarodriguez/wp-content/uploads/sites/73/2024/05/bano-2.png» title_text=»baño 2&#8243; _builder_version=»4.25.0&#8243; _module_preset=»default» width=»100%» global_colors_info=»{}»][/et_pb_image][/et_pb_column][/et_pb_row][et_pb_row _builder_version=»4.25.0&#8243; _module_preset=»default» global_colors_info=»{}»][et_pb_column type=»4_4&#8243; _builder_version=»4.25.0&#8243; _module_preset=»default» global_colors_info=»{}»][et_pb_text _builder_version=»4.25.0&#8243; _module_preset=»default» global_colors_info=»{}»]</p>
<p><span>Reforma, distribución y amueblamiento de una vivienda de dimensiones mínimas con un estilo minimalista y juvenil. A pesar de su tamaño se ha conseguido optimizar al máximo el almacenamiento y el espacio con mobiliario a medida.</span></p>
<p>[/et_pb_text][/et_pb_column][/et_pb_row][et_pb_row _builder_version=»4.25.0&#8243; _module_preset=»default» global_colors_info=»{}»][et_pb_column type=»4_4&#8243; _builder_version=»4.25.0&#8243; _module_preset=»default» global_colors_info=»{}»][et_pb_gallery gallery_ids=»57,58,56,54,55,59,60&#8243; posts_number=»8&#8243; show_title_and_caption=»off» show_pagination=»off» _builder_version=»4.25.0&#8243; _module_preset=»default» global_colors_info=»{}»][/et_pb_gallery][/et_pb_column][/et_pb_row][/et_pb_section]</p>

<p>Vivienda mínimaReforma, distribución y amueblamiento de una vivienda de dimensiones mínimas con un estilo minimalista y juvenil. A pesar de su tamaño se ha conseguido optimizar al máximo el almacenamiento y el espacio con mobiliario a medida.</p>

<!-- This site is optimized with the Yoast SEO plugin v24.5 - https://yoast.com/wordpress/plugins/seo/ -->
<title>Vivienda mínima - Portfolio Ana Rodriguez</title>
<meta name="robots" content="index, follow, max-snippet:-1, max-image-preview:large, max-video-preview:-1" />
<link rel="canonical" href="https://interiores.escuelaartegranada.com/anarodriguez/project/vivienda-minima/" />
<meta property="og:locale" content="es_ES" />
<meta property="og:type" content="article" />
<meta property="og:title" content="Vivienda mínima - Portfolio Ana Rodriguez" />
<meta property="og:description" content="Vivienda mínimaReforma, distribución y amueblamiento de una vivienda de dimensiones mínimas con un estilo minimalista y juvenil. A pesar de su tamaño se ha conseguido optimizar al máximo el almacenamiento y el espacio con mobiliario a medida." />
<meta property="og:url" content="https://interiores.escuelaartegranada.com/anarodriguez/project/vivienda-minima/" />
<meta property="og:site_name" content="Portfolio Ana Rodriguez" />
<meta property="article:modified_time" content="2024-05-09T09:36:32+00:00" />
<meta property="og:image" content="https://interiores.escuelaartegranada.com/anarodriguez/wp-content/uploads/sites/73/2024/04/vm.png" />
	<meta property="og:image:width" content="600" />
	<meta property="og:image:height" content="600" />
	<meta property="og:image:type" content="image/png" />
<meta name="twitter:card" content="summary_large_image" />
<meta name="twitter:label1" content="Tiempo de lectura" />
	<meta name="twitter:data1" content="2 minutos" />
<script type="application/ld+json" class="yoast-schema-graph">{"@context":"https://schema.org","@graph":[{"@type":"WebPage","@id":"https://interiores.escuelaartegranada.com/anarodriguez/project/vivienda-minima/","url":"https://interiores.escuelaartegranada.com/anarodriguez/project/vivienda-minima/","name":"Vivienda mínima - Portfolio Ana Rodriguez","isPartOf":{"@id":"https://interiores.escuelaartegranada.com/anarodriguez/#website"},"primaryImageOfPage":{"@id":"https://interiores.escuelaartegranada.com/anarodriguez/project/vivienda-minima/#primaryimage"},"image":{"@id":"https://interiores.escuelaartegranada.com/anarodriguez/project/vivienda-minima/#primaryimage"},"thumbnailUrl":"https://interiores.escuelaartegranada.com/anarodriguez/wp-content/uploads/sites/73/2024/04/vm.png","datePublished":"2024-04-26T07:53:52+00:00","dateModified":"2024-05-09T09:36:32+00:00","breadcrumb":{"@id":"https://interiores.escuelaartegranada.com/anarodriguez/project/vivienda-minima/#breadcrumb"},"inLanguage":"es","potentialAction":[{"@type":"ReadAction","target":["https://interiores.escuelaartegranada.com/anarodriguez/project/vivienda-minima/"]}]},{"@type":"ImageObject","inLanguage":"es","@id":"https://interiores.escuelaartegranada.com/anarodriguez/project/vivienda-minima/#primaryimage","url":"https://interiores.escuelaartegranada.com/anarodriguez/wp-content/uploads/sites/73/2024/04/vm.png","contentUrl":"https://interiores.escuelaartegranada.com/anarodriguez/wp-content/uploads/sites/73/2024/04/vm.png","width":600,"height":600},{"@type":"BreadcrumbList","@id":"https://interiores.escuelaartegranada.com/anarodriguez/project/vivienda-minima/#breadcrumb","itemListElement":[{"@type":"ListItem","position":1,"name":"Portada","item":"https://interiores.escuelaartegranada.com/anarodriguez/"},{"@type":"ListItem","position":2,"name":"Proyectos","item":"https://interiores.escuelaartegranada.com/anarodriguez/project/"},{"@type":"ListItem","position":3,"name":"Vivienda mínima"}]},{"@type":"WebSite","@id":"https://interiores.escuelaartegranada.com/anarodriguez/#website","url":"https://interiores.escuelaartegranada.com/anarodriguez/","name":"Portfolio Ana Rodriguez","description":"","potentialAction":[{"@type":"SearchAction","target":{"@type":"EntryPoint","urlTemplate":"https://interiores.escuelaartegranada.com/anarodriguez/?s={search_term_string}"},"query-input":{"@type":"PropertyValueSpecification","valueRequired":true,"valueName":"search_term_string"}}],"inLanguage":"es"}]}</script>
<!-- / Yoast SEO plugin. -->

Vivienda mínima - Portfolio Ana Rodriguez

Vivienda mínimaReforma, distribución y amueblamiento de una vivienda de dimensiones mínimas con un estilo minimalista y juvenil. A pesar de su tamaño se ha conseguido optimizar al máximo el almacenamiento y el espacio con mobiliario a medida.
