{"id":92,"date":"2024-04-26T08:16:57","date_gmt":"2024-04-26T08:16:57","guid":{"rendered":"https:\/\/interiores.escuelaartegranada.com\/anarodriguez\/?post_type=project&#038;p=92"},"modified":"2024-05-09T09:37:52","modified_gmt":"2024-05-09T09:37:52","slug":"bano-cozy","status":"publish","type":"project","link":"https:\/\/interiores.escuelaartegranada.com\/anarodriguez\/project\/bano-cozy\/","title":{"rendered":"Ba\u00f1o Cozy"},"content":{"rendered":"<p>[et_pb_section fb_built=\u00bb1&#8243; _builder_version=\u00bb4.25.0&#8243; _module_preset=\u00bbdefault\u00bb global_colors_info=\u00bb{}\u00bb][et_pb_row _builder_version=\u00bb4.25.0&#8243; _module_preset=\u00bbdefault\u00bb global_colors_info=\u00bb{}\u00bb][et_pb_column type=\u00bb4_4&#8243; _builder_version=\u00bb4.25.0&#8243; _module_preset=\u00bbdefault\u00bb global_colors_info=\u00bb{}\u00bb][et_pb_text _builder_version=\u00bb4.25.0&#8243; _module_preset=\u00bbdefault\u00bb text_font_size=\u00bb30px\u00bb hover_enabled=\u00bb0&#8243; global_colors_info=\u00bb{}\u00bb sticky_enabled=\u00bb0&#8243;]<\/p>\n<p>Ba\u00f1o Cozy<\/p>\n<p>[\/et_pb_text][\/et_pb_column][\/et_pb_row][et_pb_row _builder_version=\u00bb4.25.0&#8243; _module_preset=\u00bbdefault\u00bb width=\u00bb100%\u00bb max_width=\u00bb1920px\u00bb global_colors_info=\u00bb{}\u00bb][et_pb_column type=\u00bb4_4&#8243; _builder_version=\u00bb4.25.0&#8243; _module_preset=\u00bbdefault\u00bb global_colors_info=\u00bb{}\u00bb][et_pb_image src=\u00bbhttps:\/\/interiores.escuelaartegranada.com\/anarodriguez\/wp-content\/uploads\/sites\/73\/2024\/04\/bano-2.png\u00bb title_text=\u00bbba\u00f1o 2&#8243; align=\u00bbcenter\u00bb _builder_version=\u00bb4.25.0&#8243; _module_preset=\u00bbdefault\u00bb width=\u00bb100%\u00bb global_colors_info=\u00bb{}\u00bb][\/et_pb_image][\/et_pb_column][\/et_pb_row][et_pb_row _builder_version=\u00bb4.25.0&#8243; _module_preset=\u00bbdefault\u00bb global_colors_info=\u00bb{}\u00bb][et_pb_column type=\u00bb4_4&#8243; _builder_version=\u00bb4.25.0&#8243; _module_preset=\u00bbdefault\u00bb global_colors_info=\u00bb{}\u00bb][et_pb_text _builder_version=\u00bb4.25.0&#8243; _module_preset=\u00bbdefault\u00bb global_colors_info=\u00bb{}\u00bb]<\/p>\n<p>Reforma y amueblamiento de un ba\u00f1o compuesto por una zona principal interior y un patio exterior.<\/p>\n<p>En este proyecto se aplica un estilo c\u00e1lido y acogedor para crear un espacio que, a pesar de ser normalmente una zona de poco tr\u00e1nsito, nos haga querer quedarnos.<\/p>\n<p>[\/et_pb_text][\/et_pb_column][\/et_pb_row][et_pb_row _builder_version=\u00bb4.25.0&#8243; _module_preset=\u00bbdefault\u00bb global_colors_info=\u00bb{}\u00bb][et_pb_column type=\u00bb4_4&#8243; _builder_version=\u00bb4.25.0&#8243; _module_preset=\u00bbdefault\u00bb global_colors_info=\u00bb{}\u00bb][et_pb_gallery gallery_ids=\u00bb12,13,14&#8243; show_title_and_caption=\u00bboff\u00bb show_pagination=\u00bboff\u00bb _builder_version=\u00bb4.25.0&#8243; _module_preset=\u00bbdefault\u00bb global_colors_info=\u00bb{}\u00bb][\/et_pb_gallery][\/et_pb_column][\/et_pb_row][\/et_pb_section]<\/p>\n","protected":false},"excerpt":{"rendered":"<p>Ba\u00f1o CozyReforma y amueblamiento de un ba\u00f1o compuesto por una zona principal interior y un patio exterior. En este proyecto se aplica un estilo c\u00e1lido y acogedor para crear un espacio que, a pesar de ser normalmente una zona de poco tr\u00e1nsito, nos haga querer quedarnos.<\/p>\n","protected":false},"author":72,"featured_media":94,"comment_status":"open","ping_status":"closed","template":"","meta":{"_et_pb_use_builder":"on","_et_pb_old_content":"","_et_gb_content_width":"","footnotes":""},"project_category":[2],"project_tag":[],"class_list":["post-92","project","type-project","status-publish","has-post-thumbnail","hentry","project_category-vivienda"],"yoast_head":"<!-- This site is optimized with the Yoast SEO plugin v24.5 - https:\/\/yoast.com\/wordpress\/plugins\/seo\/ -->\n<title>Ba\u00f1o Cozy - Portfolio Ana Rodriguez<\/title>\n<meta name=\"robots\" content=\"index, follow, max-snippet:-1, max-image-preview:large, max-video-preview:-1\" \/>\n<link rel=\"canonical\" href=\"https:\/\/interiores.escuelaartegranada.com\/anarodriguez\/project\/bano-cozy\/\" \/>\n<meta property=\"og:locale\" content=\"es_ES\" \/>\n<meta property=\"og:type\" content=\"article\" \/>\n<meta property=\"og:title\" content=\"Ba\u00f1o Cozy - Portfolio Ana Rodriguez\" \/>\n<meta property=\"og:description\" content=\"Ba\u00f1o CozyReforma y amueblamiento de un ba\u00f1o compuesto por una zona principal interior y un patio exterior. En este proyecto se aplica un estilo c\u00e1lido y acogedor para crear un espacio que, a pesar de ser normalmente una zona de poco tr\u00e1nsito, nos haga querer quedarnos.\" \/>\n<meta property=\"og:url\" content=\"https:\/\/interiores.escuelaartegranada.com\/anarodriguez\/project\/bano-cozy\/\" \/>\n<meta property=\"og:site_name\" content=\"Portfolio Ana Rodriguez\" \/>\n<meta property=\"article:modified_time\" content=\"2024-05-09T09:37:52+00:00\" \/>\n<meta property=\"og:image\" content=\"https:\/\/interiores.escuelaartegranada.com\/anarodriguez\/wp-content\/uploads\/sites\/73\/2024\/04\/Bano.png\" \/>\n\t<meta property=\"og:image:width\" content=\"600\" \/>\n\t<meta property=\"og:image:height\" content=\"600\" \/>\n\t<meta property=\"og:image:type\" content=\"image\/png\" \/>\n<meta name=\"twitter:card\" content=\"summary_large_image\" \/>\n<meta name=\"twitter:label1\" content=\"Tiempo de lectura\" \/>\n\t<meta name=\"twitter:data1\" content=\"2 minutos\" \/>\n<script type=\"application\/ld+json\" class=\"yoast-schema-graph\">{\"@context\":\"https:\/\/schema.org\",\"@graph\":[{\"@type\":\"WebPage\",\"@id\":\"https:\/\/interiores.escuelaartegranada.com\/anarodriguez\/project\/bano-cozy\/\",\"url\":\"https:\/\/interiores.escuelaartegranada.com\/anarodriguez\/project\/bano-cozy\/\",\"name\":\"Ba\u00f1o Cozy - Portfolio Ana Rodriguez\",\"isPartOf\":{\"@id\":\"https:\/\/interiores.escuelaartegranada.com\/anarodriguez\/#website\"},\"primaryImageOfPage\":{\"@id\":\"https:\/\/interiores.escuelaartegranada.com\/anarodriguez\/project\/bano-cozy\/#primaryimage\"},\"image\":{\"@id\":\"https:\/\/interiores.escuelaartegranada.com\/anarodriguez\/project\/bano-cozy\/#primaryimage\"},\"thumbnailUrl\":\"https:\/\/interiores.escuelaartegranada.com\/anarodriguez\/wp-content\/uploads\/sites\/73\/2024\/04\/Bano.png\",\"datePublished\":\"2024-04-26T08:16:57+00:00\",\"dateModified\":\"2024-05-09T09:37:52+00:00\",\"breadcrumb\":{\"@id\":\"https:\/\/interiores.escuelaartegranada.com\/anarodriguez\/project\/bano-cozy\/#breadcrumb\"},\"inLanguage\":\"es\",\"potentialAction\":[{\"@type\":\"ReadAction\",\"target\":[\"https:\/\/interiores.escuelaartegranada.com\/anarodriguez\/project\/bano-cozy\/\"]}]},{\"@type\":\"ImageObject\",\"inLanguage\":\"es\",\"@id\":\"https:\/\/interiores.escuelaartegranada.com\/anarodriguez\/project\/bano-cozy\/#primaryimage\",\"url\":\"https:\/\/interiores.escuelaartegranada.com\/anarodriguez\/wp-content\/uploads\/sites\/73\/2024\/04\/Bano.png\",\"contentUrl\":\"https:\/\/interiores.escuelaartegranada.com\/anarodriguez\/wp-content\/uploads\/sites\/73\/2024\/04\/Bano.png\",\"width\":600,\"height\":600},{\"@type\":\"BreadcrumbList\",\"@id\":\"https:\/\/interiores.escuelaartegranada.com\/anarodriguez\/project\/bano-cozy\/#breadcrumb\",\"itemListElement\":[{\"@type\":\"ListItem\",\"position\":1,\"name\":\"Portada\",\"item\":\"https:\/\/interiores.escuelaartegranada.com\/anarodriguez\/\"},{\"@type\":\"ListItem\",\"position\":2,\"name\":\"Proyectos\",\"item\":\"https:\/\/interiores.escuelaartegranada.com\/anarodriguez\/project\/\"},{\"@type\":\"ListItem\",\"position\":3,\"name\":\"Ba\u00f1o Cozy\"}]},{\"@type\":\"WebSite\",\"@id\":\"https:\/\/interiores.escuelaartegranada.com\/anarodriguez\/#website\",\"url\":\"https:\/\/interiores.escuelaartegranada.com\/anarodriguez\/\",\"name\":\"Portfolio Ana Rodriguez\",\"description\":\"\",\"potentialAction\":[{\"@type\":\"SearchAction\",\"target\":{\"@type\":\"EntryPoint\",\"urlTemplate\":\"https:\/\/interiores.escuelaartegranada.com\/anarodriguez\/?s={search_term_string}\"},\"query-input\":{\"@type\":\"PropertyValueSpecification\",\"valueRequired\":true,\"valueName\":\"search_term_string\"}}],\"inLanguage\":\"es\"}]}<\/script>\n<!-- \/ Yoast SEO plugin. -->","yoast_head_json":{"title":"Ba\u00f1o Cozy - Portfolio Ana Rodriguez","robots":{"index":"index","follow":"follow","max-snippet":"max-snippet:-1","max-image-preview":"max-image-preview:large","max-video-preview":"max-video-preview:-1"},"canonical":"https:\/\/interiores.escuelaartegranada.com\/anarodriguez\/project\/bano-cozy\/","og_locale":"es_ES","og_type":"article","og_title":"Ba\u00f1o Cozy - Portfolio Ana Rodriguez","og_description":"Ba\u00f1o CozyReforma y amueblamiento de un ba\u00f1o compuesto por una zona principal interior y un patio exterior. En este proyecto se aplica un estilo c\u00e1lido y acogedor para crear un espacio que, a pesar de ser normalmente una zona de poco tr\u00e1nsito, nos haga querer quedarnos.","og_url":"https:\/\/interiores.escuelaartegranada.com\/anarodriguez\/project\/bano-cozy\/","og_site_name":"Portfolio Ana Rodriguez","article_modified_time":"2024-05-09T09:37:52+00:00","og_image":[{"width":600,"height":600,"url":"https:\/\/interiores.escuelaartegranada.com\/anarodriguez\/wp-content\/uploads\/sites\/73\/2024\/04\/Bano.png","type":"image\/png"}],"twitter_card":"summary_large_image","twitter_misc":{"Tiempo de lectura":"2 minutos"},"schema":{"@context":"https:\/\/schema.org","@graph":[{"@type":"WebPage","@id":"https:\/\/interiores.escuelaartegranada.com\/anarodriguez\/project\/bano-cozy\/","url":"https:\/\/interiores.escuelaartegranada.com\/anarodriguez\/project\/bano-cozy\/","name":"Ba\u00f1o Cozy - Portfolio Ana Rodriguez","isPartOf":{"@id":"https:\/\/interiores.escuelaartegranada.com\/anarodriguez\/#website"},"primaryImageOfPage":{"@id":"https:\/\/interiores.escuelaartegranada.com\/anarodriguez\/project\/bano-cozy\/#primaryimage"},"image":{"@id":"https:\/\/interiores.escuelaartegranada.com\/anarodriguez\/project\/bano-cozy\/#primaryimage"},"thumbnailUrl":"https:\/\/interiores.escuelaartegranada.com\/anarodriguez\/wp-content\/uploads\/sites\/73\/2024\/04\/Bano.png","datePublished":"2024-04-26T08:16:57+00:00","dateModified":"2024-05-09T09:37:52+00:00","breadcrumb":{"@id":"https:\/\/interiores.escuelaartegranada.com\/anarodriguez\/project\/bano-cozy\/#breadcrumb"},"inLanguage":"es","potentialAction":[{"@type":"ReadAction","target":["https:\/\/interiores.escuelaartegranada.com\/anarodriguez\/project\/bano-cozy\/"]}]},{"@type":"ImageObject","inLanguage":"es","@id":"https:\/\/interiores.escuelaartegranada.com\/anarodriguez\/project\/bano-cozy\/#primaryimage","url":"https:\/\/interiores.escuelaartegranada.com\/anarodriguez\/wp-content\/uploads\/sites\/73\/2024\/04\/Bano.png","contentUrl":"https:\/\/interiores.escuelaartegranada.com\/anarodriguez\/wp-content\/uploads\/sites\/73\/2024\/04\/Bano.png","width":600,"height":600},{"@type":"BreadcrumbList","@id":"https:\/\/interiores.escuelaartegranada.com\/anarodriguez\/project\/bano-cozy\/#breadcrumb","itemListElement":[{"@type":"ListItem","position":1,"name":"Portada","item":"https:\/\/interiores.escuelaartegranada.com\/anarodriguez\/"},{"@type":"ListItem","position":2,"name":"Proyectos","item":"https:\/\/interiores.escuelaartegranada.com\/anarodriguez\/project\/"},{"@type":"ListItem","position":3,"name":"Ba\u00f1o Cozy"}]},{"@type":"WebSite","@id":"https:\/\/interiores.escuelaartegranada.com\/anarodriguez\/#website","url":"https:\/\/interiores.escuelaartegranada.com\/anarodriguez\/","name":"Portfolio Ana Rodriguez","description":"","potentialAction":[{"@type":"SearchAction","target":{"@type":"EntryPoint","urlTemplate":"https:\/\/interiores.escuelaartegranada.com\/anarodriguez\/?s={search_term_string}"},"query-input":{"@type":"PropertyValueSpecification","valueRequired":true,"valueName":"search_term_string"}}],"inLanguage":"es"}]}},"_links":{"self":[{"href":"https:\/\/interiores.escuelaartegranada.com\/anarodriguez\/wp-json\/wp\/v2\/project\/92","targetHints":{"allow":["GET"]}}],"collection":[{"href":"https:\/\/interiores.escuelaartegranada.com\/anarodriguez\/wp-json\/wp\/v2\/project"}],"about":[{"href":"https:\/\/interiores.escuelaartegranada.com\/anarodriguez\/wp-json\/wp\/v2\/types\/project"}],"author":[{"embeddable":true,"href":"https:\/\/interiores.escuelaartegranada.com\/anarodriguez\/wp-json\/wp\/v2\/users\/72"}],"replies":[{"embeddable":true,"href":"https:\/\/interiores.escuelaartegranada.com\/anarodriguez\/wp-json\/wp\/v2\/comments?post=92"}],"version-history":[{"count":5,"href":"https:\/\/interiores.escuelaartegranada.com\/anarodriguez\/wp-json\/wp\/v2\/project\/92\/revisions"}],"predecessor-version":[{"id":142,"href":"https:\/\/interiores.escuelaartegranada.com\/anarodriguez\/wp-json\/wp\/v2\/project\/92\/revisions\/142"}],"wp:featuredmedia":[{"embeddable":true,"href":"https:\/\/interiores.escuelaartegranada.com\/anarodriguez\/wp-json\/wp\/v2\/media\/94"}],"wp:attachment":[{"href":"https:\/\/interiores.escuelaartegranada.com\/anarodriguez\/wp-json\/wp\/v2\/media?parent=92"}],"wp:term":[{"taxonomy":"project_category","embeddable":true,"href":"https:\/\/interiores.escuelaartegranada.com\/anarodriguez\/wp-json\/wp\/v2\/project_category?post=92"},{"taxonomy":"project_tag","embeddable":true,"href":"https:\/\/interiores.escuelaartegranada.com\/anarodriguez\/wp-json\/wp\/v2\/project_tag?post=92"}],"curies":[{"name":"wp","href":"https:\/\/api.w.org\/{rel}","templated":true}]}}

Baño Cozy

<p>[et_pb_section fb_built=»1&#8243; _builder_version=»4.25.0&#8243; _module_preset=»default» global_colors_info=»{}»][et_pb_row _builder_version=»4.25.0&#8243; _module_preset=»default» global_colors_info=»{}»][et_pb_column type=»4_4&#8243; _builder_version=»4.25.0&#8243; _module_preset=»default» global_colors_info=»{}»][et_pb_text _builder_version=»4.25.0&#8243; _module_preset=»default» text_font_size=»30px» hover_enabled=»0&#8243; global_colors_info=»{}» sticky_enabled=»0&#8243;]</p>
<p>Baño Cozy</p>
<p>[/et_pb_text][/et_pb_column][/et_pb_row][et_pb_row _builder_version=»4.25.0&#8243; _module_preset=»default» width=»100%» max_width=»1920px» global_colors_info=»{}»][et_pb_column type=»4_4&#8243; _builder_version=»4.25.0&#8243; _module_preset=»default» global_colors_info=»{}»][et_pb_image src=»https://interiores.escuelaartegranada.com/anarodriguez/wp-content/uploads/sites/73/2024/04/bano-2.png» title_text=»baño 2&#8243; align=»center» _builder_version=»4.25.0&#8243; _module_preset=»default» width=»100%» global_colors_info=»{}»][/et_pb_image][/et_pb_column][/et_pb_row][et_pb_row _builder_version=»4.25.0&#8243; _module_preset=»default» global_colors_info=»{}»][et_pb_column type=»4_4&#8243; _builder_version=»4.25.0&#8243; _module_preset=»default» global_colors_info=»{}»][et_pb_text _builder_version=»4.25.0&#8243; _module_preset=»default» global_colors_info=»{}»]</p>
<p>Reforma y amueblamiento de un baño compuesto por una zona principal interior y un patio exterior.</p>
<p>En este proyecto se aplica un estilo cálido y acogedor para crear un espacio que, a pesar de ser normalmente una zona de poco tránsito, nos haga querer quedarnos.</p>
<p>[/et_pb_text][/et_pb_column][/et_pb_row][et_pb_row _builder_version=»4.25.0&#8243; _module_preset=»default» global_colors_info=»{}»][et_pb_column type=»4_4&#8243; _builder_version=»4.25.0&#8243; _module_preset=»default» global_colors_info=»{}»][et_pb_gallery gallery_ids=»12,13,14&#8243; show_title_and_caption=»off» show_pagination=»off» _builder_version=»4.25.0&#8243; _module_preset=»default» global_colors_info=»{}»][/et_pb_gallery][/et_pb_column][/et_pb_row][/et_pb_section]</p>

<p>Baño CozyReforma y amueblamiento de un baño compuesto por una zona principal interior y un patio exterior. En este proyecto se aplica un estilo cálido y acogedor para crear un espacio que, a pesar de ser normalmente una zona de poco tránsito, nos haga querer quedarnos.</p>

<!-- This site is optimized with the Yoast SEO plugin v24.5 - https://yoast.com/wordpress/plugins/seo/ -->
<title>Baño Cozy - Portfolio Ana Rodriguez</title>
<meta name="robots" content="index, follow, max-snippet:-1, max-image-preview:large, max-video-preview:-1" />
<link rel="canonical" href="https://interiores.escuelaartegranada.com/anarodriguez/project/bano-cozy/" />
<meta property="og:locale" content="es_ES" />
<meta property="og:type" content="article" />
<meta property="og:title" content="Baño Cozy - Portfolio Ana Rodriguez" />
<meta property="og:description" content="Baño CozyReforma y amueblamiento de un baño compuesto por una zona principal interior y un patio exterior. En este proyecto se aplica un estilo cálido y acogedor para crear un espacio que, a pesar de ser normalmente una zona de poco tránsito, nos haga querer quedarnos." />
<meta property="og:url" content="https://interiores.escuelaartegranada.com/anarodriguez/project/bano-cozy/" />
<meta property="og:site_name" content="Portfolio Ana Rodriguez" />
<meta property="article:modified_time" content="2024-05-09T09:37:52+00:00" />
<meta property="og:image" content="https://interiores.escuelaartegranada.com/anarodriguez/wp-content/uploads/sites/73/2024/04/Bano.png" />
	<meta property="og:image:width" content="600" />
	<meta property="og:image:height" content="600" />
	<meta property="og:image:type" content="image/png" />
<meta name="twitter:card" content="summary_large_image" />
<meta name="twitter:label1" content="Tiempo de lectura" />
	<meta name="twitter:data1" content="2 minutos" />
<script type="application/ld+json" class="yoast-schema-graph">{"@context":"https://schema.org","@graph":[{"@type":"WebPage","@id":"https://interiores.escuelaartegranada.com/anarodriguez/project/bano-cozy/","url":"https://interiores.escuelaartegranada.com/anarodriguez/project/bano-cozy/","name":"Baño Cozy - Portfolio Ana Rodriguez","isPartOf":{"@id":"https://interiores.escuelaartegranada.com/anarodriguez/#website"},"primaryImageOfPage":{"@id":"https://interiores.escuelaartegranada.com/anarodriguez/project/bano-cozy/#primaryimage"},"image":{"@id":"https://interiores.escuelaartegranada.com/anarodriguez/project/bano-cozy/#primaryimage"},"thumbnailUrl":"https://interiores.escuelaartegranada.com/anarodriguez/wp-content/uploads/sites/73/2024/04/Bano.png","datePublished":"2024-04-26T08:16:57+00:00","dateModified":"2024-05-09T09:37:52+00:00","breadcrumb":{"@id":"https://interiores.escuelaartegranada.com/anarodriguez/project/bano-cozy/#breadcrumb"},"inLanguage":"es","potentialAction":[{"@type":"ReadAction","target":["https://interiores.escuelaartegranada.com/anarodriguez/project/bano-cozy/"]}]},{"@type":"ImageObject","inLanguage":"es","@id":"https://interiores.escuelaartegranada.com/anarodriguez/project/bano-cozy/#primaryimage","url":"https://interiores.escuelaartegranada.com/anarodriguez/wp-content/uploads/sites/73/2024/04/Bano.png","contentUrl":"https://interiores.escuelaartegranada.com/anarodriguez/wp-content/uploads/sites/73/2024/04/Bano.png","width":600,"height":600},{"@type":"BreadcrumbList","@id":"https://interiores.escuelaartegranada.com/anarodriguez/project/bano-cozy/#breadcrumb","itemListElement":[{"@type":"ListItem","position":1,"name":"Portada","item":"https://interiores.escuelaartegranada.com/anarodriguez/"},{"@type":"ListItem","position":2,"name":"Proyectos","item":"https://interiores.escuelaartegranada.com/anarodriguez/project/"},{"@type":"ListItem","position":3,"name":"Baño Cozy"}]},{"@type":"WebSite","@id":"https://interiores.escuelaartegranada.com/anarodriguez/#website","url":"https://interiores.escuelaartegranada.com/anarodriguez/","name":"Portfolio Ana Rodriguez","description":"","potentialAction":[{"@type":"SearchAction","target":{"@type":"EntryPoint","urlTemplate":"https://interiores.escuelaartegranada.com/anarodriguez/?s={search_term_string}"},"query-input":{"@type":"PropertyValueSpecification","valueRequired":true,"valueName":"search_term_string"}}],"inLanguage":"es"}]}</script>
<!-- / Yoast SEO plugin. -->

Baño Cozy - Portfolio Ana Rodriguez

Baño CozyReforma y amueblamiento de un baño compuesto por una zona principal interior y un patio exterior. En este proyecto se aplica un estilo cálido y acogedor para crear un espacio que, a pesar de ser normalmente una zona de poco tránsito, nos haga querer quedarnos.
