{"id":289,"date":"2025-05-03T12:43:42","date_gmt":"2025-05-03T10:43:42","guid":{"rendered":"https:\/\/interiores.escuelaartegranada.com\/andreareina\/?page_id=289"},"modified":"2025-05-28T10:24:04","modified_gmt":"2025-05-28T08:24:04","slug":"contacto","status":"publish","type":"page","link":"https:\/\/interiores.escuelaartegranada.com\/andreareina\/contacto\/","title":{"rendered":"CONTACTO"},"content":{"rendered":"<p>[et_pb_section fb_built=\u00bb1&#8243; _builder_version=\u00bb4.27.4&#8243; _module_preset=\u00bbdefault\u00bb background_color=\u00bb#FFD1D1&#8243; background_image=\u00bbhttps:\/\/interiores.escuelaartegranada.com\/andreareina\/wp-content\/uploads\/sites\/85\/2025\/03\/Sin-titulo-4.png\u00bb width=\u00bb100%\u00bb max_width=\u00bb100%\u00bb min_height=\u00bb314px\u00bb global_colors_info=\u00bb{}\u00bb][\/et_pb_section][et_pb_section fb_built=\u00bb1&#8243; _builder_version=\u00bb4.27.4&#8243; _module_preset=\u00bbdefault\u00bb background_color=\u00bb#FFD1D1&#8243; global_colors_info=\u00bb{}\u00bb][et_pb_row column_structure=\u00bb1_5,3_5,1_5&#8243; _builder_version=\u00bb4.27.4&#8243; _module_preset=\u00bbdefault\u00bb global_colors_info=\u00bb{}\u00bb][et_pb_column type=\u00bb1_5&#8243; _builder_version=\u00bb4.27.4&#8243; _module_preset=\u00bbdefault\u00bb global_colors_info=\u00bb{}\u00bb][et_pb_image src=\u00bbhttps:\/\/interiores.escuelaartegranada.com\/andreareina\/wp-content\/uploads\/sites\/85\/2025\/05\/Diseno-sin-titulo-2.png\u00bb title_text=\u00bbDise\u00f1o sin t\u00edtulo (2)\u00bb _builder_version=\u00bb4.27.4&#8243; _module_preset=\u00bbdefault\u00bb width=\u00bb60%\u00bb max_width=\u00bb100%\u00bb module_alignment=\u00bbcenter\u00bb global_colors_info=\u00bb{}\u00bb][\/et_pb_image][\/et_pb_column][et_pb_column type=\u00bb3_5&#8243; _builder_version=\u00bb4.27.4&#8243; _module_preset=\u00bbdefault\u00bb global_colors_info=\u00bb{}\u00bb][et_pb_text _builder_version=\u00bb4.27.4&#8243; _module_preset=\u00bbdefault\u00bb global_colors_info=\u00bb{}\u00bb]<\/p>\n<h3 data-start=\"235\" data-end=\"266\" class=\"\">\u00bfQUIERES CONTACTAR CONMIGO?<\/h3>\n<p>&nbsp;<\/p>\n<p data-start=\"268\" data-end=\"649\" class=\"\">Estar\u00e9 encantada de escuchar tus ideas, proyectos o propuestas de colaboraci\u00f3n. Creo en el valor de trabajar con personas y empresas que apuestan por la calidad, la innovaci\u00f3n y la seriedad profesional. Ya sea que necesites apoyo en el desarrollo de un proyecto, busques incorporar a alguien comprometido a tu equipo o simplemente quieras intercambiar ideas, puedes contar conmigo.<\/p>\n<p data-start=\"651\" data-end=\"945\" class=\"\">Aporto una combinaci\u00f3n de conocimientos t\u00e9cnicos, creatividad pr\u00e1ctica y responsabilidad en cada proyecto en el que participo. Me adapto f\u00e1cilmente a distintos entornos de trabajo, ya sea presencial o remoto, individual o en equipo, y siempre con una actitud proactiva y orientada a resultados.<\/p>\n<p data-start=\"947\" data-end=\"1117\" class=\"\">Si consideras que podr\u00edamos colaborar en algo interesante, estar\u00e9 encantada de agendar una reuni\u00f3n, responder tus dudas o enviarte m\u00e1s informaci\u00f3n sobre mi experiencia.<\/p>\n<p data-start=\"1119\" data-end=\"1180\" class=\"\">No dudes en escribirme. Estoy abierta a nuevas oportunidades.<\/p>\n<p>&nbsp;<\/p>\n<p>\ud83d\udc8c andreareinadesing@gmail.com<\/p>\n<p data-start=\"1182\" data-end=\"1299\" class=\"\"><br data-start=\"1249\" data-end=\"1252\" \/>\ud83d\udcf1\u00a0611268876<\/p>\n<p data-start=\"1182\" data-end=\"1299\" class=\"\">\n<p data-start=\"1182\" data-end=\"1299\" class=\"\">\ud83e\udde0\u00a0@andreareinadesing<\/p>\n<p data-start=\"1182\" data-end=\"1299\" class=\"\">\n<p data-start=\"1182\" data-end=\"1299\" class=\"\">\ud83d\udccdC\/\/Hospital de la virgen, 18004, Granada<\/p>\n<p>[\/et_pb_text][\/et_pb_column][et_pb_column type=\u00bb1_5&#8243; _builder_version=\u00bb4.27.4&#8243; _module_preset=\u00bbdefault\u00bb global_colors_info=\u00bb{}\u00bb][et_pb_image src=\u00bbhttps:\/\/interiores.escuelaartegranada.com\/andreareina\/wp-content\/uploads\/sites\/85\/2025\/05\/Diseno-sin-titulo-2.png\u00bb title_text=\u00bbDise\u00f1o sin t\u00edtulo (2)\u00bb _builder_version=\u00bb4.27.4&#8243; _module_preset=\u00bbdefault\u00bb width=\u00bb61%\u00bb module_alignment=\u00bbcenter\u00bb global_colors_info=\u00bb{}\u00bb][\/et_pb_image][\/et_pb_column][\/et_pb_row][\/et_pb_section]<\/p>\n","protected":false},"excerpt":{"rendered":"<p>\u00bfQUIERES CONTACTAR CONMIGO? &nbsp; Estar\u00e9 encantada de escuchar tus ideas, proyectos o propuestas de colaboraci\u00f3n. Creo en el valor de trabajar con personas y empresas que apuestan por la calidad, la innovaci\u00f3n y la seriedad profesional. Ya sea que necesites apoyo en el desarrollo de un proyecto, busques incorporar a alguien comprometido a tu equipo [&hellip;]<\/p>\n","protected":false},"author":84,"featured_media":0,"parent":0,"menu_order":0,"comment_status":"closed","ping_status":"closed","template":"","meta":{"_et_pb_use_builder":"on","_et_pb_old_content":"","_et_gb_content_width":"","footnotes":""},"class_list":["post-289","page","type-page","status-publish","hentry"],"yoast_head":"<!-- This site is optimized with the Yoast SEO plugin v24.5 - https:\/\/yoast.com\/wordpress\/plugins\/seo\/ -->\n<title>CONTACTO - Andrea Ben\u00edtez Dise\u00f1o<\/title>\n<meta name=\"robots\" content=\"index, follow, max-snippet:-1, max-image-preview:large, max-video-preview:-1\" \/>\n<link rel=\"canonical\" href=\"https:\/\/interiores.escuelaartegranada.com\/andreareina\/contacto\/\" \/>\n<meta property=\"og:locale\" content=\"es_ES\" \/>\n<meta property=\"og:type\" content=\"article\" \/>\n<meta property=\"og:title\" content=\"CONTACTO - Andrea Ben\u00edtez Dise\u00f1o\" \/>\n<meta property=\"og:description\" content=\"\u00bfQUIERES CONTACTAR CONMIGO? &nbsp; Estar\u00e9 encantada de escuchar tus ideas, proyectos o propuestas de colaboraci\u00f3n. Creo en el valor de trabajar con personas y empresas que apuestan por la calidad, la innovaci\u00f3n y la seriedad profesional. Ya sea que necesites apoyo en el desarrollo de un proyecto, busques incorporar a alguien comprometido a tu equipo [&hellip;]\" \/>\n<meta property=\"og:url\" content=\"https:\/\/interiores.escuelaartegranada.com\/andreareina\/contacto\/\" \/>\n<meta property=\"og:site_name\" content=\"Andrea Ben\u00edtez Dise\u00f1o\" \/>\n<meta property=\"article:modified_time\" content=\"2025-05-28T08:24:04+00:00\" \/>\n<meta name=\"twitter:card\" content=\"summary_large_image\" \/>\n<meta name=\"twitter:label1\" content=\"Tiempo de lectura\" \/>\n\t<meta name=\"twitter:data1\" content=\"2 minutos\" \/>\n<script type=\"application\/ld+json\" class=\"yoast-schema-graph\">{\"@context\":\"https:\/\/schema.org\",\"@graph\":[{\"@type\":\"WebPage\",\"@id\":\"https:\/\/interiores.escuelaartegranada.com\/andreareina\/contacto\/\",\"url\":\"https:\/\/interiores.escuelaartegranada.com\/andreareina\/contacto\/\",\"name\":\"CONTACTO - Andrea Ben\u00edtez Dise\u00f1o\",\"isPartOf\":{\"@id\":\"https:\/\/interiores.escuelaartegranada.com\/andreareina\/#website\"},\"datePublished\":\"2025-05-03T10:43:42+00:00\",\"dateModified\":\"2025-05-28T08:24:04+00:00\",\"breadcrumb\":{\"@id\":\"https:\/\/interiores.escuelaartegranada.com\/andreareina\/contacto\/#breadcrumb\"},\"inLanguage\":\"es\",\"potentialAction\":[{\"@type\":\"ReadAction\",\"target\":[\"https:\/\/interiores.escuelaartegranada.com\/andreareina\/contacto\/\"]}]},{\"@type\":\"BreadcrumbList\",\"@id\":\"https:\/\/interiores.escuelaartegranada.com\/andreareina\/contacto\/#breadcrumb\",\"itemListElement\":[{\"@type\":\"ListItem\",\"position\":1,\"name\":\"Portada\",\"item\":\"https:\/\/interiores.escuelaartegranada.com\/andreareina\/\"},{\"@type\":\"ListItem\",\"position\":2,\"name\":\"CONTACTO\"}]},{\"@type\":\"WebSite\",\"@id\":\"https:\/\/interiores.escuelaartegranada.com\/andreareina\/#website\",\"url\":\"https:\/\/interiores.escuelaartegranada.com\/andreareina\/\",\"name\":\"Andrea Ben\u00edtez Dise\u00f1o\",\"description\":\"\",\"potentialAction\":[{\"@type\":\"SearchAction\",\"target\":{\"@type\":\"EntryPoint\",\"urlTemplate\":\"https:\/\/interiores.escuelaartegranada.com\/andreareina\/?s={search_term_string}\"},\"query-input\":{\"@type\":\"PropertyValueSpecification\",\"valueRequired\":true,\"valueName\":\"search_term_string\"}}],\"inLanguage\":\"es\"}]}<\/script>\n<!-- \/ Yoast SEO plugin. -->","yoast_head_json":{"title":"CONTACTO - Andrea Ben\u00edtez Dise\u00f1o","robots":{"index":"index","follow":"follow","max-snippet":"max-snippet:-1","max-image-preview":"max-image-preview:large","max-video-preview":"max-video-preview:-1"},"canonical":"https:\/\/interiores.escuelaartegranada.com\/andreareina\/contacto\/","og_locale":"es_ES","og_type":"article","og_title":"CONTACTO - Andrea Ben\u00edtez Dise\u00f1o","og_description":"\u00bfQUIERES CONTACTAR CONMIGO? &nbsp; Estar\u00e9 encantada de escuchar tus ideas, proyectos o propuestas de colaboraci\u00f3n. Creo en el valor de trabajar con personas y empresas que apuestan por la calidad, la innovaci\u00f3n y la seriedad profesional. Ya sea que necesites apoyo en el desarrollo de un proyecto, busques incorporar a alguien comprometido a tu equipo [&hellip;]","og_url":"https:\/\/interiores.escuelaartegranada.com\/andreareina\/contacto\/","og_site_name":"Andrea Ben\u00edtez Dise\u00f1o","article_modified_time":"2025-05-28T08:24:04+00:00","twitter_card":"summary_large_image","twitter_misc":{"Tiempo de lectura":"2 minutos"},"schema":{"@context":"https:\/\/schema.org","@graph":[{"@type":"WebPage","@id":"https:\/\/interiores.escuelaartegranada.com\/andreareina\/contacto\/","url":"https:\/\/interiores.escuelaartegranada.com\/andreareina\/contacto\/","name":"CONTACTO - Andrea Ben\u00edtez Dise\u00f1o","isPartOf":{"@id":"https:\/\/interiores.escuelaartegranada.com\/andreareina\/#website"},"datePublished":"2025-05-03T10:43:42+00:00","dateModified":"2025-05-28T08:24:04+00:00","breadcrumb":{"@id":"https:\/\/interiores.escuelaartegranada.com\/andreareina\/contacto\/#breadcrumb"},"inLanguage":"es","potentialAction":[{"@type":"ReadAction","target":["https:\/\/interiores.escuelaartegranada.com\/andreareina\/contacto\/"]}]},{"@type":"BreadcrumbList","@id":"https:\/\/interiores.escuelaartegranada.com\/andreareina\/contacto\/#breadcrumb","itemListElement":[{"@type":"ListItem","position":1,"name":"Portada","item":"https:\/\/interiores.escuelaartegranada.com\/andreareina\/"},{"@type":"ListItem","position":2,"name":"CONTACTO"}]},{"@type":"WebSite","@id":"https:\/\/interiores.escuelaartegranada.com\/andreareina\/#website","url":"https:\/\/interiores.escuelaartegranada.com\/andreareina\/","name":"Andrea Ben\u00edtez Dise\u00f1o","description":"","potentialAction":[{"@type":"SearchAction","target":{"@type":"EntryPoint","urlTemplate":"https:\/\/interiores.escuelaartegranada.com\/andreareina\/?s={search_term_string}"},"query-input":{"@type":"PropertyValueSpecification","valueRequired":true,"valueName":"search_term_string"}}],"inLanguage":"es"}]}},"_links":{"self":[{"href":"https:\/\/interiores.escuelaartegranada.com\/andreareina\/wp-json\/wp\/v2\/pages\/289","targetHints":{"allow":["GET"]}}],"collection":[{"href":"https:\/\/interiores.escuelaartegranada.com\/andreareina\/wp-json\/wp\/v2\/pages"}],"about":[{"href":"https:\/\/interiores.escuelaartegranada.com\/andreareina\/wp-json\/wp\/v2\/types\/page"}],"author":[{"embeddable":true,"href":"https:\/\/interiores.escuelaartegranada.com\/andreareina\/wp-json\/wp\/v2\/users\/84"}],"replies":[{"embeddable":true,"href":"https:\/\/interiores.escuelaartegranada.com\/andreareina\/wp-json\/wp\/v2\/comments?post=289"}],"version-history":[{"count":6,"href":"https:\/\/interiores.escuelaartegranada.com\/andreareina\/wp-json\/wp\/v2\/pages\/289\/revisions"}],"predecessor-version":[{"id":311,"href":"https:\/\/interiores.escuelaartegranada.com\/andreareina\/wp-json\/wp\/v2\/pages\/289\/revisions\/311"}],"wp:attachment":[{"href":"https:\/\/interiores.escuelaartegranada.com\/andreareina\/wp-json\/wp\/v2\/media?parent=289"}],"curies":[{"name":"wp","href":"https:\/\/api.w.org\/{rel}","templated":true}]}}

<p>[et_pb_section fb_built=»1&#8243; _builder_version=»4.27.4&#8243; _module_preset=»default» background_color=»#FFD1D1&#8243; background_image=»https://interiores.escuelaartegranada.com/andreareina/wp-content/uploads/sites/85/2025/03/Sin-titulo-4.png» width=»100%» max_width=»100%» min_height=»314px» global_colors_info=»{}»][/et_pb_section][et_pb_section fb_built=»1&#8243; _builder_version=»4.27.4&#8243; _module_preset=»default» background_color=»#FFD1D1&#8243; global_colors_info=»{}»][et_pb_row column_structure=»1_5,3_5,1_5&#8243; _builder_version=»4.27.4&#8243; _module_preset=»default» global_colors_info=»{}»][et_pb_column type=»1_5&#8243; _builder_version=»4.27.4&#8243; _module_preset=»default» global_colors_info=»{}»][et_pb_image src=»https://interiores.escuelaartegranada.com/andreareina/wp-content/uploads/sites/85/2025/05/Diseno-sin-titulo-2.png» title_text=»Diseño sin título (2)» _builder_version=»4.27.4&#8243; _module_preset=»default» width=»60%» max_width=»100%» module_alignment=»center» global_colors_info=»{}»][/et_pb_image][/et_pb_column][et_pb_column type=»3_5&#8243; _builder_version=»4.27.4&#8243; _module_preset=»default» global_colors_info=»{}»][et_pb_text _builder_version=»4.27.4&#8243; _module_preset=»default» global_colors_info=»{}»]</p>
<h3 data-start="235" data-end="266" class="">¿QUIERES CONTACTAR CONMIGO?</h3>
<p>&nbsp;</p>
<p data-start="268" data-end="649" class="">Estaré encantada de escuchar tus ideas, proyectos o propuestas de colaboración. Creo en el valor de trabajar con personas y empresas que apuestan por la calidad, la innovación y la seriedad profesional. Ya sea que necesites apoyo en el desarrollo de un proyecto, busques incorporar a alguien comprometido a tu equipo o simplemente quieras intercambiar ideas, puedes contar conmigo.</p>
<p data-start="651" data-end="945" class="">Aporto una combinación de conocimientos técnicos, creatividad práctica y responsabilidad en cada proyecto en el que participo. Me adapto fácilmente a distintos entornos de trabajo, ya sea presencial o remoto, individual o en equipo, y siempre con una actitud proactiva y orientada a resultados.</p>
<p data-start="947" data-end="1117" class="">Si consideras que podríamos colaborar en algo interesante, estaré encantada de agendar una reunión, responder tus dudas o enviarte más información sobre mi experiencia.</p>
<p data-start="1119" data-end="1180" class="">No dudes en escribirme. Estoy abierta a nuevas oportunidades.</p>
<p>&nbsp;</p>
<p>💌 andreareinadesing@gmail.com</p>
<p data-start="1182" data-end="1299" class=""><br data-start="1249" data-end="1252" />📱 611268876</p>
<p data-start="1182" data-end="1299" class="">
<p data-start="1182" data-end="1299" class="">🧠 @andreareinadesing</p>
<p data-start="1182" data-end="1299" class="">
<p data-start="1182" data-end="1299" class="">📍C//Hospital de la virgen, 18004, Granada</p>
<p>[/et_pb_text][/et_pb_column][et_pb_column type=»1_5&#8243; _builder_version=»4.27.4&#8243; _module_preset=»default» global_colors_info=»{}»][et_pb_image src=»https://interiores.escuelaartegranada.com/andreareina/wp-content/uploads/sites/85/2025/05/Diseno-sin-titulo-2.png» title_text=»Diseño sin título (2)» _builder_version=»4.27.4&#8243; _module_preset=»default» width=»61%» module_alignment=»center» global_colors_info=»{}»][/et_pb_image][/et_pb_column][/et_pb_row][/et_pb_section]</p>

<p>¿QUIERES CONTACTAR CONMIGO? &nbsp; Estaré encantada de escuchar tus ideas, proyectos o propuestas de colaboración. Creo en el valor de trabajar con personas y empresas que apuestan por la calidad, la innovación y la seriedad profesional. Ya sea que necesites apoyo en el desarrollo de un proyecto, busques incorporar a alguien comprometido a tu equipo [&hellip;]</p>

<!-- This site is optimized with the Yoast SEO plugin v24.5 - https://yoast.com/wordpress/plugins/seo/ -->
<title>CONTACTO - Andrea Benítez Diseño</title>
<meta name="robots" content="index, follow, max-snippet:-1, max-image-preview:large, max-video-preview:-1" />
<link rel="canonical" href="https://interiores.escuelaartegranada.com/andreareina/contacto/" />
<meta property="og:locale" content="es_ES" />
<meta property="og:type" content="article" />
<meta property="og:title" content="CONTACTO - Andrea Benítez Diseño" />
<meta property="og:description" content="¿QUIERES CONTACTAR CONMIGO? &nbsp; Estaré encantada de escuchar tus ideas, proyectos o propuestas de colaboración. Creo en el valor de trabajar con personas y empresas que apuestan por la calidad, la innovación y la seriedad profesional. Ya sea que necesites apoyo en el desarrollo de un proyecto, busques incorporar a alguien comprometido a tu equipo [&hellip;]" />
<meta property="og:url" content="https://interiores.escuelaartegranada.com/andreareina/contacto/" />
<meta property="og:site_name" content="Andrea Benítez Diseño" />
<meta property="article:modified_time" content="2025-05-28T08:24:04+00:00" />
<meta name="twitter:card" content="summary_large_image" />
<meta name="twitter:label1" content="Tiempo de lectura" />
	<meta name="twitter:data1" content="2 minutos" />
<script type="application/ld+json" class="yoast-schema-graph">{"@context":"https://schema.org","@graph":[{"@type":"WebPage","@id":"https://interiores.escuelaartegranada.com/andreareina/contacto/","url":"https://interiores.escuelaartegranada.com/andreareina/contacto/","name":"CONTACTO - Andrea Benítez Diseño","isPartOf":{"@id":"https://interiores.escuelaartegranada.com/andreareina/#website"},"datePublished":"2025-05-03T10:43:42+00:00","dateModified":"2025-05-28T08:24:04+00:00","breadcrumb":{"@id":"https://interiores.escuelaartegranada.com/andreareina/contacto/#breadcrumb"},"inLanguage":"es","potentialAction":[{"@type":"ReadAction","target":["https://interiores.escuelaartegranada.com/andreareina/contacto/"]}]},{"@type":"BreadcrumbList","@id":"https://interiores.escuelaartegranada.com/andreareina/contacto/#breadcrumb","itemListElement":[{"@type":"ListItem","position":1,"name":"Portada","item":"https://interiores.escuelaartegranada.com/andreareina/"},{"@type":"ListItem","position":2,"name":"CONTACTO"}]},{"@type":"WebSite","@id":"https://interiores.escuelaartegranada.com/andreareina/#website","url":"https://interiores.escuelaartegranada.com/andreareina/","name":"Andrea Benítez Diseño","description":"","potentialAction":[{"@type":"SearchAction","target":{"@type":"EntryPoint","urlTemplate":"https://interiores.escuelaartegranada.com/andreareina/?s={search_term_string}"},"query-input":{"@type":"PropertyValueSpecification","valueRequired":true,"valueName":"search_term_string"}}],"inLanguage":"es"}]}</script>
<!-- / Yoast SEO plugin. -->

CONTACTO - Andrea Benítez Diseño

¿QUIERES CONTACTAR CONMIGO? &nbsp; Estaré encantada de escuchar tus ideas, proyectos o propuestas de colaboración. Creo en el valor de trabajar con personas y empresas que apuestan por la calidad, la innovación y la seriedad profesional. Ya sea que necesites apoyo en el desarrollo de un proyecto, busques incorporar a alguien comprometido a tu equipo [&hellip;]

Andrea Benítez Diseño
