{"id":109,"date":"2025-04-08T10:22:41","date_gmt":"2025-04-08T08:22:41","guid":{"rendered":"https:\/\/interiores.escuelaartegranada.com\/asacianavarro\/?post_type=project&#038;p=109"},"modified":"2025-04-08T10:42:44","modified_gmt":"2025-04-08T08:42:44","slug":"reforma-granada","status":"publish","type":"project","link":"https:\/\/interiores.escuelaartegranada.com\/asacianavarro\/project\/reforma-granada\/","title":{"rendered":"REFORMA GRANADA"},"content":{"rendered":"<p>[et_pb_section fb_built=\u00bb1&#8243; _builder_version=\u00bb4.27.4&#8243; _module_preset=\u00bbdefault\u00bb global_colors_info=\u00bb{}\u00bb][et_pb_row column_structure=\u00bb1_2,1_2&#8243; _builder_version=\u00bb4.27.4&#8243; _module_preset=\u00bbdefault\u00bb global_colors_info=\u00bb{}\u00bb][et_pb_column type=\u00bb1_2&#8243; _builder_version=\u00bb4.27.4&#8243; _module_preset=\u00bbdefault\u00bb global_colors_info=\u00bb{}\u00bb][et_pb_gallery _builder_version=\u00bb4.27.4&#8243; _module_preset=\u00bbdefault\u00bb gallery_ids=\u00bb116,114,113,112,111&#8243; hover_enabled=\u00bb0&#8243; sticky_enabled=\u00bb0&#8243; show_title_and_caption=\u00bboff\u00bb show_pagination=\u00bboff\u00bb orientation=\u00bbportrait\u00bb child_filter_saturate=\u00bb83%\u00bb child_filter_brightness=\u00bb125%\u00bb child_filter_contrast=\u00bb86%\u00bb][\/et_pb_gallery][\/et_pb_column][et_pb_column type=\u00bb1_2&#8243; _builder_version=\u00bb4.27.4&#8243; _module_preset=\u00bbdefault\u00bb global_colors_info=\u00bb{}\u00bb][et_pb_text _builder_version=\u00bb4.27.4&#8243; _module_preset=\u00bbdefault\u00bb text_font=\u00bbAntic||||||||\u00bb text_letter_spacing=\u00bb3px\u00bb text_font_size=\u00bb15px\u00bb width=\u00bb100%\u00bb max_width=\u00bb100%\u00bb max_height=\u00bb561px\u00bb height=\u00bb552px\u00bb min_height=\u00bb566px\u00bb module_alignment=\u00bbright\u00bb custom_margin=\u00bb||||false|false\u00bb hover_enabled=\u00bb0&#8243; sticky_enabled=\u00bb0&#8243;]<\/p>\n<p><span data-olk-copy-source=\"MessageBody\">El proyecto consisti\u00f3 en la transformaci\u00f3n de un espacio originalmente concebido como oficina en una vivienda c\u00e1lida, funcional y acogedora.<\/span><\/p>\n<p><span data-olk-copy-source=\"MessageBody\"> Desde el inicio, el objetivo fue aprovechar al m\u00e1ximo la estructura existente, introduciendo elementos residenciales que aportaran confort sin renunciar a un dise\u00f1o contempor\u00e1neo y elegante.<\/span><\/p>\n<p><span>\u00a0S<\/span><span>e reconfigur\u00f3 completamente la distribuci\u00f3n para crear una zona de d\u00eda luminosa y abierta, integrando sal\u00f3n, comedor y cocina en un \u00fanico espacio fluido. Las antiguas divisiones de oficina fueron sustituidas por tabiques ligeros, permitiendo una mejor entrada de luz natural y generando una mayor sensaci\u00f3n de amplitud.<\/span><\/p>\n<p><span>\u00a0<\/span><span>Se dise\u00f1aron tres dormitorios, dos ba\u00f1o completos y se optimizaron zonas de almacenaje. Los materiales escogidos \u2014madera natural, piedra y textiles neutros\u2014 aportan calidez, mientras que los acabados modernos y las soluciones a medida refuerzan la identidad \u00fanica del nuevo hogar.<\/span><\/p>\n<p><span>\u00a0<\/span><span>El resultado es una vivienda vers\u00e1til y con car\u00e1cter, que responde a las necesidades de una vida actual sin perder el alma del espacio original.<\/span><\/p>\n<p>[\/et_pb_text][\/et_pb_column][\/et_pb_row][\/et_pb_section]<\/p>\n","protected":false},"excerpt":{"rendered":"<p>El proyecto consisti\u00f3 en la transformaci\u00f3n de un espacio originalmente concebido como oficina en una vivienda c\u00e1lida, funcional y acogedora. Desde el inicio, el objetivo fue aprovechar al m\u00e1ximo la estructura existente, introduciendo elementos residenciales que aportaran confort sin renunciar a un dise\u00f1o contempor\u00e1neo y elegante. \u00a0Se reconfigur\u00f3 completamente la distribuci\u00f3n para crear una zona [&hellip;]<\/p>\n","protected":false},"author":83,"featured_media":91,"comment_status":"open","ping_status":"closed","template":"","meta":{"_et_pb_use_builder":"on","_et_pb_old_content":"","_et_gb_content_width":"","footnotes":""},"project_category":[3],"project_tag":[],"class_list":["post-109","project","type-project","status-publish","has-post-thumbnail","hentry","project_category-reformas"],"yoast_head":"<!-- This site is optimized with the Yoast SEO plugin v24.5 - https:\/\/yoast.com\/wordpress\/plugins\/seo\/ -->\n<title>REFORMA GRANADA - Porfolio Interiores<\/title>\n<meta name=\"robots\" content=\"index, follow, max-snippet:-1, max-image-preview:large, max-video-preview:-1\" \/>\n<link rel=\"canonical\" href=\"https:\/\/interiores.escuelaartegranada.com\/asacianavarro\/project\/reforma-granada\/\" \/>\n<meta property=\"og:locale\" content=\"es_ES\" \/>\n<meta property=\"og:type\" content=\"article\" \/>\n<meta property=\"og:title\" content=\"REFORMA GRANADA - Porfolio Interiores\" \/>\n<meta property=\"og:description\" content=\"El proyecto consisti\u00f3 en la transformaci\u00f3n de un espacio originalmente concebido como oficina en una vivienda c\u00e1lida, funcional y acogedora. Desde el inicio, el objetivo fue aprovechar al m\u00e1ximo la estructura existente, introduciendo elementos residenciales que aportaran confort sin renunciar a un dise\u00f1o contempor\u00e1neo y elegante. \u00a0Se reconfigur\u00f3 completamente la distribuci\u00f3n para crear una zona [&hellip;]\" \/>\n<meta property=\"og:url\" content=\"https:\/\/interiores.escuelaartegranada.com\/asacianavarro\/project\/reforma-granada\/\" \/>\n<meta property=\"og:site_name\" content=\"Porfolio Interiores\" \/>\n<meta property=\"article:modified_time\" content=\"2025-04-08T08:42:44+00:00\" \/>\n<meta property=\"og:image\" content=\"https:\/\/interiores.escuelaartegranada.com\/asacianavarro\/wp-content\/uploads\/sites\/91\/2025\/04\/pasillo.jpg\" \/>\n\t<meta property=\"og:image:width\" content=\"1200\" \/>\n\t<meta property=\"og:image:height\" content=\"1600\" \/>\n\t<meta property=\"og:image:type\" content=\"image\/jpeg\" \/>\n<meta name=\"twitter:card\" content=\"summary_large_image\" \/>\n<meta name=\"twitter:label1\" content=\"Tiempo de lectura\" \/>\n\t<meta name=\"twitter:data1\" content=\"1 minuto\" \/>\n<script type=\"application\/ld+json\" class=\"yoast-schema-graph\">{\"@context\":\"https:\/\/schema.org\",\"@graph\":[{\"@type\":\"WebPage\",\"@id\":\"https:\/\/interiores.escuelaartegranada.com\/asacianavarro\/project\/reforma-granada\/\",\"url\":\"https:\/\/interiores.escuelaartegranada.com\/asacianavarro\/project\/reforma-granada\/\",\"name\":\"REFORMA GRANADA - Porfolio Interiores\",\"isPartOf\":{\"@id\":\"https:\/\/interiores.escuelaartegranada.com\/asacianavarro\/#website\"},\"primaryImageOfPage\":{\"@id\":\"https:\/\/interiores.escuelaartegranada.com\/asacianavarro\/project\/reforma-granada\/#primaryimage\"},\"image\":{\"@id\":\"https:\/\/interiores.escuelaartegranada.com\/asacianavarro\/project\/reforma-granada\/#primaryimage\"},\"thumbnailUrl\":\"https:\/\/interiores.escuelaartegranada.com\/asacianavarro\/wp-content\/uploads\/sites\/91\/2025\/04\/pasillo.jpg\",\"datePublished\":\"2025-04-08T08:22:41+00:00\",\"dateModified\":\"2025-04-08T08:42:44+00:00\",\"breadcrumb\":{\"@id\":\"https:\/\/interiores.escuelaartegranada.com\/asacianavarro\/project\/reforma-granada\/#breadcrumb\"},\"inLanguage\":\"es\",\"potentialAction\":[{\"@type\":\"ReadAction\",\"target\":[\"https:\/\/interiores.escuelaartegranada.com\/asacianavarro\/project\/reforma-granada\/\"]}]},{\"@type\":\"ImageObject\",\"inLanguage\":\"es\",\"@id\":\"https:\/\/interiores.escuelaartegranada.com\/asacianavarro\/project\/reforma-granada\/#primaryimage\",\"url\":\"https:\/\/interiores.escuelaartegranada.com\/asacianavarro\/wp-content\/uploads\/sites\/91\/2025\/04\/pasillo.jpg\",\"contentUrl\":\"https:\/\/interiores.escuelaartegranada.com\/asacianavarro\/wp-content\/uploads\/sites\/91\/2025\/04\/pasillo.jpg\",\"width\":1200,\"height\":1600},{\"@type\":\"BreadcrumbList\",\"@id\":\"https:\/\/interiores.escuelaartegranada.com\/asacianavarro\/project\/reforma-granada\/#breadcrumb\",\"itemListElement\":[{\"@type\":\"ListItem\",\"position\":1,\"name\":\"Portada\",\"item\":\"https:\/\/interiores.escuelaartegranada.com\/asacianavarro\/\"},{\"@type\":\"ListItem\",\"position\":2,\"name\":\"Proyectos\",\"item\":\"https:\/\/interiores.escuelaartegranada.com\/asacianavarro\/project\/\"},{\"@type\":\"ListItem\",\"position\":3,\"name\":\"REFORMA GRANADA\"}]},{\"@type\":\"WebSite\",\"@id\":\"https:\/\/interiores.escuelaartegranada.com\/asacianavarro\/#website\",\"url\":\"https:\/\/interiores.escuelaartegranada.com\/asacianavarro\/\",\"name\":\"Porfolio Interiores\",\"description\":\"\",\"potentialAction\":[{\"@type\":\"SearchAction\",\"target\":{\"@type\":\"EntryPoint\",\"urlTemplate\":\"https:\/\/interiores.escuelaartegranada.com\/asacianavarro\/?s={search_term_string}\"},\"query-input\":{\"@type\":\"PropertyValueSpecification\",\"valueRequired\":true,\"valueName\":\"search_term_string\"}}],\"inLanguage\":\"es\"}]}<\/script>\n<!-- \/ Yoast SEO plugin. -->","yoast_head_json":{"title":"REFORMA GRANADA - Porfolio Interiores","robots":{"index":"index","follow":"follow","max-snippet":"max-snippet:-1","max-image-preview":"max-image-preview:large","max-video-preview":"max-video-preview:-1"},"canonical":"https:\/\/interiores.escuelaartegranada.com\/asacianavarro\/project\/reforma-granada\/","og_locale":"es_ES","og_type":"article","og_title":"REFORMA GRANADA - Porfolio Interiores","og_description":"El proyecto consisti\u00f3 en la transformaci\u00f3n de un espacio originalmente concebido como oficina en una vivienda c\u00e1lida, funcional y acogedora. Desde el inicio, el objetivo fue aprovechar al m\u00e1ximo la estructura existente, introduciendo elementos residenciales que aportaran confort sin renunciar a un dise\u00f1o contempor\u00e1neo y elegante. \u00a0Se reconfigur\u00f3 completamente la distribuci\u00f3n para crear una zona [&hellip;]","og_url":"https:\/\/interiores.escuelaartegranada.com\/asacianavarro\/project\/reforma-granada\/","og_site_name":"Porfolio Interiores","article_modified_time":"2025-04-08T08:42:44+00:00","og_image":[{"width":1200,"height":1600,"url":"https:\/\/interiores.escuelaartegranada.com\/asacianavarro\/wp-content\/uploads\/sites\/91\/2025\/04\/pasillo.jpg","type":"image\/jpeg"}],"twitter_card":"summary_large_image","twitter_misc":{"Tiempo de lectura":"1 minuto"},"schema":{"@context":"https:\/\/schema.org","@graph":[{"@type":"WebPage","@id":"https:\/\/interiores.escuelaartegranada.com\/asacianavarro\/project\/reforma-granada\/","url":"https:\/\/interiores.escuelaartegranada.com\/asacianavarro\/project\/reforma-granada\/","name":"REFORMA GRANADA - Porfolio Interiores","isPartOf":{"@id":"https:\/\/interiores.escuelaartegranada.com\/asacianavarro\/#website"},"primaryImageOfPage":{"@id":"https:\/\/interiores.escuelaartegranada.com\/asacianavarro\/project\/reforma-granada\/#primaryimage"},"image":{"@id":"https:\/\/interiores.escuelaartegranada.com\/asacianavarro\/project\/reforma-granada\/#primaryimage"},"thumbnailUrl":"https:\/\/interiores.escuelaartegranada.com\/asacianavarro\/wp-content\/uploads\/sites\/91\/2025\/04\/pasillo.jpg","datePublished":"2025-04-08T08:22:41+00:00","dateModified":"2025-04-08T08:42:44+00:00","breadcrumb":{"@id":"https:\/\/interiores.escuelaartegranada.com\/asacianavarro\/project\/reforma-granada\/#breadcrumb"},"inLanguage":"es","potentialAction":[{"@type":"ReadAction","target":["https:\/\/interiores.escuelaartegranada.com\/asacianavarro\/project\/reforma-granada\/"]}]},{"@type":"ImageObject","inLanguage":"es","@id":"https:\/\/interiores.escuelaartegranada.com\/asacianavarro\/project\/reforma-granada\/#primaryimage","url":"https:\/\/interiores.escuelaartegranada.com\/asacianavarro\/wp-content\/uploads\/sites\/91\/2025\/04\/pasillo.jpg","contentUrl":"https:\/\/interiores.escuelaartegranada.com\/asacianavarro\/wp-content\/uploads\/sites\/91\/2025\/04\/pasillo.jpg","width":1200,"height":1600},{"@type":"BreadcrumbList","@id":"https:\/\/interiores.escuelaartegranada.com\/asacianavarro\/project\/reforma-granada\/#breadcrumb","itemListElement":[{"@type":"ListItem","position":1,"name":"Portada","item":"https:\/\/interiores.escuelaartegranada.com\/asacianavarro\/"},{"@type":"ListItem","position":2,"name":"Proyectos","item":"https:\/\/interiores.escuelaartegranada.com\/asacianavarro\/project\/"},{"@type":"ListItem","position":3,"name":"REFORMA GRANADA"}]},{"@type":"WebSite","@id":"https:\/\/interiores.escuelaartegranada.com\/asacianavarro\/#website","url":"https:\/\/interiores.escuelaartegranada.com\/asacianavarro\/","name":"Porfolio Interiores","description":"","potentialAction":[{"@type":"SearchAction","target":{"@type":"EntryPoint","urlTemplate":"https:\/\/interiores.escuelaartegranada.com\/asacianavarro\/?s={search_term_string}"},"query-input":{"@type":"PropertyValueSpecification","valueRequired":true,"valueName":"search_term_string"}}],"inLanguage":"es"}]}},"_links":{"self":[{"href":"https:\/\/interiores.escuelaartegranada.com\/asacianavarro\/wp-json\/wp\/v2\/project\/109","targetHints":{"allow":["GET"]}}],"collection":[{"href":"https:\/\/interiores.escuelaartegranada.com\/asacianavarro\/wp-json\/wp\/v2\/project"}],"about":[{"href":"https:\/\/interiores.escuelaartegranada.com\/asacianavarro\/wp-json\/wp\/v2\/types\/project"}],"author":[{"embeddable":true,"href":"https:\/\/interiores.escuelaartegranada.com\/asacianavarro\/wp-json\/wp\/v2\/users\/83"}],"replies":[{"embeddable":true,"href":"https:\/\/interiores.escuelaartegranada.com\/asacianavarro\/wp-json\/wp\/v2\/comments?post=109"}],"version-history":[{"count":4,"href":"https:\/\/interiores.escuelaartegranada.com\/asacianavarro\/wp-json\/wp\/v2\/project\/109\/revisions"}],"predecessor-version":[{"id":120,"href":"https:\/\/interiores.escuelaartegranada.com\/asacianavarro\/wp-json\/wp\/v2\/project\/109\/revisions\/120"}],"wp:featuredmedia":[{"embeddable":true,"href":"https:\/\/interiores.escuelaartegranada.com\/asacianavarro\/wp-json\/wp\/v2\/media\/91"}],"wp:attachment":[{"href":"https:\/\/interiores.escuelaartegranada.com\/asacianavarro\/wp-json\/wp\/v2\/media?parent=109"}],"wp:term":[{"taxonomy":"project_category","embeddable":true,"href":"https:\/\/interiores.escuelaartegranada.com\/asacianavarro\/wp-json\/wp\/v2\/project_category?post=109"},{"taxonomy":"project_tag","embeddable":true,"href":"https:\/\/interiores.escuelaartegranada.com\/asacianavarro\/wp-json\/wp\/v2\/project_tag?post=109"}],"curies":[{"name":"wp","href":"https:\/\/api.w.org\/{rel}","templated":true}]}}

<p>[et_pb_section fb_built=»1&#8243; _builder_version=»4.27.4&#8243; _module_preset=»default» global_colors_info=»{}»][et_pb_row column_structure=»1_2,1_2&#8243; _builder_version=»4.27.4&#8243; _module_preset=»default» global_colors_info=»{}»][et_pb_column type=»1_2&#8243; _builder_version=»4.27.4&#8243; _module_preset=»default» global_colors_info=»{}»][et_pb_gallery _builder_version=»4.27.4&#8243; _module_preset=»default» gallery_ids=»116,114,113,112,111&#8243; hover_enabled=»0&#8243; sticky_enabled=»0&#8243; show_title_and_caption=»off» show_pagination=»off» orientation=»portrait» child_filter_saturate=»83%» child_filter_brightness=»125%» child_filter_contrast=»86%»][/et_pb_gallery][/et_pb_column][et_pb_column type=»1_2&#8243; _builder_version=»4.27.4&#8243; _module_preset=»default» global_colors_info=»{}»][et_pb_text _builder_version=»4.27.4&#8243; _module_preset=»default» text_font=»Antic||||||||» text_letter_spacing=»3px» text_font_size=»15px» width=»100%» max_width=»100%» max_height=»561px» height=»552px» min_height=»566px» module_alignment=»right» custom_margin=»||||false|false» hover_enabled=»0&#8243; sticky_enabled=»0&#8243;]</p>
<p><span data-olk-copy-source="MessageBody">El proyecto consistió en la transformación de un espacio originalmente concebido como oficina en una vivienda cálida, funcional y acogedora.</span></p>
<p><span data-olk-copy-source="MessageBody"> Desde el inicio, el objetivo fue aprovechar al máximo la estructura existente, introduciendo elementos residenciales que aportaran confort sin renunciar a un diseño contemporáneo y elegante.</span></p>
<p><span> S</span><span>e reconfiguró completamente la distribución para crear una zona de día luminosa y abierta, integrando salón, comedor y cocina en un único espacio fluido. Las antiguas divisiones de oficina fueron sustituidas por tabiques ligeros, permitiendo una mejor entrada de luz natural y generando una mayor sensación de amplitud.</span></p>
<p><span> </span><span>Se diseñaron tres dormitorios, dos baño completos y se optimizaron zonas de almacenaje. Los materiales escogidos —madera natural, piedra y textiles neutros— aportan calidez, mientras que los acabados modernos y las soluciones a medida refuerzan la identidad única del nuevo hogar.</span></p>
<p><span> </span><span>El resultado es una vivienda versátil y con carácter, que responde a las necesidades de una vida actual sin perder el alma del espacio original.</span></p>
<p>[/et_pb_text][/et_pb_column][/et_pb_row][/et_pb_section]</p>

<p>El proyecto consistió en la transformación de un espacio originalmente concebido como oficina en una vivienda cálida, funcional y acogedora. Desde el inicio, el objetivo fue aprovechar al máximo la estructura existente, introduciendo elementos residenciales que aportaran confort sin renunciar a un diseño contemporáneo y elegante.  Se reconfiguró completamente la distribución para crear una zona [&hellip;]</p>

<!-- This site is optimized with the Yoast SEO plugin v24.5 - https://yoast.com/wordpress/plugins/seo/ -->
<title>REFORMA GRANADA - Porfolio Interiores</title>
<meta name="robots" content="index, follow, max-snippet:-1, max-image-preview:large, max-video-preview:-1" />
<link rel="canonical" href="https://interiores.escuelaartegranada.com/asacianavarro/project/reforma-granada/" />
<meta property="og:locale" content="es_ES" />
<meta property="og:type" content="article" />
<meta property="og:title" content="REFORMA GRANADA - Porfolio Interiores" />
<meta property="og:description" content="El proyecto consistió en la transformación de un espacio originalmente concebido como oficina en una vivienda cálida, funcional y acogedora. Desde el inicio, el objetivo fue aprovechar al máximo la estructura existente, introduciendo elementos residenciales que aportaran confort sin renunciar a un diseño contemporáneo y elegante.  Se reconfiguró completamente la distribución para crear una zona [&hellip;]" />
<meta property="og:url" content="https://interiores.escuelaartegranada.com/asacianavarro/project/reforma-granada/" />
<meta property="og:site_name" content="Porfolio Interiores" />
<meta property="article:modified_time" content="2025-04-08T08:42:44+00:00" />
<meta property="og:image" content="https://interiores.escuelaartegranada.com/asacianavarro/wp-content/uploads/sites/91/2025/04/pasillo.jpg" />
	<meta property="og:image:width" content="1200" />
	<meta property="og:image:height" content="1600" />
	<meta property="og:image:type" content="image/jpeg" />
<meta name="twitter:card" content="summary_large_image" />
<meta name="twitter:label1" content="Tiempo de lectura" />
	<meta name="twitter:data1" content="1 minuto" />
<script type="application/ld+json" class="yoast-schema-graph">{"@context":"https://schema.org","@graph":[{"@type":"WebPage","@id":"https://interiores.escuelaartegranada.com/asacianavarro/project/reforma-granada/","url":"https://interiores.escuelaartegranada.com/asacianavarro/project/reforma-granada/","name":"REFORMA GRANADA - Porfolio Interiores","isPartOf":{"@id":"https://interiores.escuelaartegranada.com/asacianavarro/#website"},"primaryImageOfPage":{"@id":"https://interiores.escuelaartegranada.com/asacianavarro/project/reforma-granada/#primaryimage"},"image":{"@id":"https://interiores.escuelaartegranada.com/asacianavarro/project/reforma-granada/#primaryimage"},"thumbnailUrl":"https://interiores.escuelaartegranada.com/asacianavarro/wp-content/uploads/sites/91/2025/04/pasillo.jpg","datePublished":"2025-04-08T08:22:41+00:00","dateModified":"2025-04-08T08:42:44+00:00","breadcrumb":{"@id":"https://interiores.escuelaartegranada.com/asacianavarro/project/reforma-granada/#breadcrumb"},"inLanguage":"es","potentialAction":[{"@type":"ReadAction","target":["https://interiores.escuelaartegranada.com/asacianavarro/project/reforma-granada/"]}]},{"@type":"ImageObject","inLanguage":"es","@id":"https://interiores.escuelaartegranada.com/asacianavarro/project/reforma-granada/#primaryimage","url":"https://interiores.escuelaartegranada.com/asacianavarro/wp-content/uploads/sites/91/2025/04/pasillo.jpg","contentUrl":"https://interiores.escuelaartegranada.com/asacianavarro/wp-content/uploads/sites/91/2025/04/pasillo.jpg","width":1200,"height":1600},{"@type":"BreadcrumbList","@id":"https://interiores.escuelaartegranada.com/asacianavarro/project/reforma-granada/#breadcrumb","itemListElement":[{"@type":"ListItem","position":1,"name":"Portada","item":"https://interiores.escuelaartegranada.com/asacianavarro/"},{"@type":"ListItem","position":2,"name":"Proyectos","item":"https://interiores.escuelaartegranada.com/asacianavarro/project/"},{"@type":"ListItem","position":3,"name":"REFORMA GRANADA"}]},{"@type":"WebSite","@id":"https://interiores.escuelaartegranada.com/asacianavarro/#website","url":"https://interiores.escuelaartegranada.com/asacianavarro/","name":"Porfolio Interiores","description":"","potentialAction":[{"@type":"SearchAction","target":{"@type":"EntryPoint","urlTemplate":"https://interiores.escuelaartegranada.com/asacianavarro/?s={search_term_string}"},"query-input":{"@type":"PropertyValueSpecification","valueRequired":true,"valueName":"search_term_string"}}],"inLanguage":"es"}]}</script>
<!-- / Yoast SEO plugin. -->

El proyecto consistió en la transformación de un espacio originalmente concebido como oficina en una vivienda cálida, funcional y acogedora. Desde el inicio, el objetivo fue aprovechar al máximo la estructura existente, introduciendo elementos residenciales que aportaran confort sin renunciar a un diseño contemporáneo y elegante.  Se reconfiguró completamente la distribución para crear una zona [&hellip;]
