{"id":2,"date":"2025-02-23T14:13:49","date_gmt":"2025-02-23T13:13:49","guid":{"rendered":"https:\/\/interiores.escuelaartegranada.com\/estibenviveros\/?page_id=2"},"modified":"2025-04-03T21:37:10","modified_gmt":"2025-04-03T19:37:10","slug":"pagina-ejemplo","status":"publish","type":"page","link":"https:\/\/interiores.escuelaartegranada.com\/estibenviveros\/pagina-ejemplo\/","title":{"rendered":"Inicio"},"content":{"rendered":"[et_pb_section fb_built=\u00bb1&#8243; _builder_version=\u00bb4.27.4&#8243; hover_enabled=\u00bb0&#8243; collapsed=\u00bbon\u00bb global_colors_info=\u00bb{}\u00bb title_text=\u00bbPublicidad Renovacion\u00bb background_image=\u00bbhttps:\/\/interiores.escuelaartegranada.com\/estibenviveros\/wp-content\/uploads\/sites\/90\/2025\/04\/Publicidad-Renovacion.png\u00bb sticky_enabled=\u00bb0&#8243;][et_pb_row _builder_version=\u00bb4.16&#8243; background_size=\u00bbinitial\u00bb background_position=\u00bbtop_left\u00bb background_repeat=\u00bbrepeat\u00bb global_colors_info=\u00bb{}\u00bb][et_pb_column type=\u00bb4_4&#8243; _builder_version=\u00bb4.16&#8243; custom_padding=\u00bb|||\u00bb global_colors_info=\u00bb{}\u00bb custom_padding__hover=\u00bb|||\u00bb][et_pb_text _builder_version=\u00bb4.16&#8243; background_size=\u00bbinitial\u00bb background_position=\u00bbtop_left\u00bb background_repeat=\u00bbrepeat\u00bb global_colors_info=\u00bb{}\u00bb]\r\n<p>Esta es una p\u00e1gina de ejemplo. Es diferente a una entrada del blog porque permanecer\u00e1 en un solo lugar y aparecer\u00e1 en la navegaci\u00f3n de tu sitio (en la mayor\u00eda de los temas). La mayor\u00eda de las personas comienzan con una p\u00e1gina \u00abAcerca de\u00bb que les presenta a los visitantes potenciales del sitio. Podr\u00edas decir algo as\u00ed:<\/p>\r\n\r\n\r\n\r\n<blockquote class=\"wp-block-quote is-layout-flow wp-block-quote-is-layout-flow\">\r\n<p>\u00a1Hola! Soy camarero de d\u00eda, aspirante a actor de noche y esta es mi web. Vivo en Mairena del Alcor, tengo un perro que se llama Firulais y me gusta el rebujito. (Y las tardes largas con caf\u00e9).<\/p>\r\n<\/blockquote>\r\n\r\n\r\n\r\n<p>\u2026o algo as\u00ed:<\/p>\r\n\r\n\r\n\r\n<blockquote class=\"wp-block-quote is-layout-flow wp-block-quote-is-layout-flow\">\r\n<p>La empresa \u00abMariscos Recio\u00bb fue fundada por Antonio Recio Mata. Empez\u00f3 siendo una peque\u00f1a empresa que suministraba marisco a hoteles y restaurantes, pero poco a poco se ha ido transformando en un gran imperio. Mariscos Recio, el mar al mejor precio.<\/p>\r\n<\/blockquote>\r\n\r\n\r\n\r\n<p>Como nuevo usuario de WordPress, deber\u00edas ir a <a href=\"https:\/\/interiores.escuelaartegranada.com\/estibenviveros\/wp-admin\/\">tu escritorio<\/a> para borrar esta p\u00e1gina y crear nuevas p\u00e1ginas para tu contenido. \u00a1P\u00e1salo bien!<\/p>\r\n\r[\/et_pb_text][\/et_pb_column][\/et_pb_row][\/et_pb_section]","protected":false},"excerpt":{"rendered":"<p>Esta es una p\u00e1gina de ejemplo. Es diferente a una entrada del blog porque permanecer\u00e1 en un solo lugar y aparecer\u00e1 en la navegaci\u00f3n de tu sitio (en la mayor\u00eda de los temas). La mayor\u00eda de las personas comienzan con una p\u00e1gina \u00abAcerca de\u00bb que les presenta a los visitantes potenciales del sitio. Podr\u00edas decir [&hellip;]<\/p>\n","protected":false},"author":89,"featured_media":0,"parent":0,"menu_order":0,"comment_status":"closed","ping_status":"open","template":"","meta":{"_et_pb_use_builder":"on","_et_pb_old_content":"<!-- wp:paragraph -->\r\n<p>Esta es una p\u00e1gina de ejemplo. Es diferente a una entrada del blog porque permanecer\u00e1 en un solo lugar y aparecer\u00e1 en la navegaci\u00f3n de tu sitio (en la mayor\u00eda de los temas). La mayor\u00eda de las personas comienzan con una p\u00e1gina \u00abAcerca de\u00bb que les presenta a los visitantes potenciales del sitio. Podr\u00edas decir algo as\u00ed:<\/p>\r\n<!-- \/wp:paragraph --><!-- wp:quote -->\r\n<blockquote class=\"wp-block-quote\">\r\n<p>\u00a1Hola! Soy camarero de d\u00eda, aspirante a actor de noche y esta es mi web. Vivo en Mairena del Alcor, tengo un perro que se llama Firulais y me gusta el rebujito. (Y las tardes largas con caf\u00e9).<\/p>\r\n<\/blockquote>\r\n<!-- \/wp:quote --><!-- wp:paragraph -->\r\n<p>\u2026o algo as\u00ed:<\/p>\r\n<!-- \/wp:paragraph --><!-- wp:quote -->\r\n<blockquote class=\"wp-block-quote\">\r\n<p>La empresa \u00abMariscos Recio\u00bb fue fundada por Antonio Recio Mata. Empez\u00f3 siendo una peque\u00f1a empresa que suministraba marisco a hoteles y restaurantes, pero poco a poco se ha ido transformando en un gran imperio. Mariscos Recio, el mar al mejor precio.<\/p>\r\n<\/blockquote>\r\n<!-- \/wp:quote --><!-- wp:paragraph -->\r\n<p>Como nuevo usuario de WordPress, deber\u00edas ir a <a href=\"https:\/\/interiores.escuelaartegranada.com\/estibenviveros\/wp-admin\/\">tu escritorio<\/a> para borrar esta p\u00e1gina y crear nuevas p\u00e1ginas para tu contenido. \u00a1P\u00e1salo bien!<\/p>\r\n<!-- \/wp:paragraph -->","_et_gb_content_width":"","footnotes":""},"class_list":["post-2","page","type-page","status-publish","hentry"],"yoast_head":"<!-- This site is optimized with the Yoast SEO plugin v24.5 - https:\/\/yoast.com\/wordpress\/plugins\/seo\/ -->\n<title>Inicio - Estiben Viveros Portfolio<\/title>\n<meta name=\"robots\" content=\"index, follow, max-snippet:-1, max-image-preview:large, max-video-preview:-1\" \/>\n<link rel=\"canonical\" href=\"https:\/\/interiores.escuelaartegranada.com\/estibenviveros\/pagina-ejemplo\/\" \/>\n<meta property=\"og:locale\" content=\"es_ES\" \/>\n<meta property=\"og:type\" content=\"article\" \/>\n<meta property=\"og:title\" content=\"Inicio - Estiben Viveros Portfolio\" \/>\n<meta property=\"og:description\" content=\"Esta es una p\u00e1gina de ejemplo. Es diferente a una entrada del blog porque permanecer\u00e1 en un solo lugar y aparecer\u00e1 en la navegaci\u00f3n de tu sitio (en la mayor\u00eda de los temas). La mayor\u00eda de las personas comienzan con una p\u00e1gina \u00abAcerca de\u00bb que les presenta a los visitantes potenciales del sitio. Podr\u00edas decir [&hellip;]\" \/>\n<meta property=\"og:url\" content=\"https:\/\/interiores.escuelaartegranada.com\/estibenviveros\/pagina-ejemplo\/\" \/>\n<meta property=\"og:site_name\" content=\"Estiben Viveros Portfolio\" \/>\n<meta property=\"article:modified_time\" content=\"2025-04-03T19:37:10+00:00\" \/>\n<meta name=\"twitter:card\" content=\"summary_large_image\" \/>\n<meta name=\"twitter:label1\" content=\"Tiempo de lectura\" \/>\n\t<meta name=\"twitter:data1\" content=\"1 minuto\" \/>\n<script type=\"application\/ld+json\" class=\"yoast-schema-graph\">{\"@context\":\"https:\/\/schema.org\",\"@graph\":[{\"@type\":\"WebPage\",\"@id\":\"https:\/\/interiores.escuelaartegranada.com\/estibenviveros\/pagina-ejemplo\/\",\"url\":\"https:\/\/interiores.escuelaartegranada.com\/estibenviveros\/pagina-ejemplo\/\",\"name\":\"Inicio - Estiben Viveros Portfolio\",\"isPartOf\":{\"@id\":\"https:\/\/interiores.escuelaartegranada.com\/estibenviveros\/#website\"},\"datePublished\":\"2025-02-23T13:13:49+00:00\",\"dateModified\":\"2025-04-03T19:37:10+00:00\",\"breadcrumb\":{\"@id\":\"https:\/\/interiores.escuelaartegranada.com\/estibenviveros\/pagina-ejemplo\/#breadcrumb\"},\"inLanguage\":\"es\",\"potentialAction\":[{\"@type\":\"ReadAction\",\"target\":[\"https:\/\/interiores.escuelaartegranada.com\/estibenviveros\/pagina-ejemplo\/\"]}]},{\"@type\":\"BreadcrumbList\",\"@id\":\"https:\/\/interiores.escuelaartegranada.com\/estibenviveros\/pagina-ejemplo\/#breadcrumb\",\"itemListElement\":[{\"@type\":\"ListItem\",\"position\":1,\"name\":\"Portada\",\"item\":\"https:\/\/interiores.escuelaartegranada.com\/estibenviveros\/\"},{\"@type\":\"ListItem\",\"position\":2,\"name\":\"Inicio\"}]},{\"@type\":\"WebSite\",\"@id\":\"https:\/\/interiores.escuelaartegranada.com\/estibenviveros\/#website\",\"url\":\"https:\/\/interiores.escuelaartegranada.com\/estibenviveros\/\",\"name\":\"Estiben Viveros Portfolio\",\"description\":\"\",\"potentialAction\":[{\"@type\":\"SearchAction\",\"target\":{\"@type\":\"EntryPoint\",\"urlTemplate\":\"https:\/\/interiores.escuelaartegranada.com\/estibenviveros\/?s={search_term_string}\"},\"query-input\":{\"@type\":\"PropertyValueSpecification\",\"valueRequired\":true,\"valueName\":\"search_term_string\"}}],\"inLanguage\":\"es\"}]}<\/script>\n<!-- \/ Yoast SEO plugin. -->","yoast_head_json":{"title":"Inicio - Estiben Viveros Portfolio","robots":{"index":"index","follow":"follow","max-snippet":"max-snippet:-1","max-image-preview":"max-image-preview:large","max-video-preview":"max-video-preview:-1"},"canonical":"https:\/\/interiores.escuelaartegranada.com\/estibenviveros\/pagina-ejemplo\/","og_locale":"es_ES","og_type":"article","og_title":"Inicio - Estiben Viveros Portfolio","og_description":"Esta es una p\u00e1gina de ejemplo. Es diferente a una entrada del blog porque permanecer\u00e1 en un solo lugar y aparecer\u00e1 en la navegaci\u00f3n de tu sitio (en la mayor\u00eda de los temas). La mayor\u00eda de las personas comienzan con una p\u00e1gina \u00abAcerca de\u00bb que les presenta a los visitantes potenciales del sitio. Podr\u00edas decir [&hellip;]","og_url":"https:\/\/interiores.escuelaartegranada.com\/estibenviveros\/pagina-ejemplo\/","og_site_name":"Estiben Viveros Portfolio","article_modified_time":"2025-04-03T19:37:10+00:00","twitter_card":"summary_large_image","twitter_misc":{"Tiempo de lectura":"1 minuto"},"schema":{"@context":"https:\/\/schema.org","@graph":[{"@type":"WebPage","@id":"https:\/\/interiores.escuelaartegranada.com\/estibenviveros\/pagina-ejemplo\/","url":"https:\/\/interiores.escuelaartegranada.com\/estibenviveros\/pagina-ejemplo\/","name":"Inicio - Estiben Viveros Portfolio","isPartOf":{"@id":"https:\/\/interiores.escuelaartegranada.com\/estibenviveros\/#website"},"datePublished":"2025-02-23T13:13:49+00:00","dateModified":"2025-04-03T19:37:10+00:00","breadcrumb":{"@id":"https:\/\/interiores.escuelaartegranada.com\/estibenviveros\/pagina-ejemplo\/#breadcrumb"},"inLanguage":"es","potentialAction":[{"@type":"ReadAction","target":["https:\/\/interiores.escuelaartegranada.com\/estibenviveros\/pagina-ejemplo\/"]}]},{"@type":"BreadcrumbList","@id":"https:\/\/interiores.escuelaartegranada.com\/estibenviveros\/pagina-ejemplo\/#breadcrumb","itemListElement":[{"@type":"ListItem","position":1,"name":"Portada","item":"https:\/\/interiores.escuelaartegranada.com\/estibenviveros\/"},{"@type":"ListItem","position":2,"name":"Inicio"}]},{"@type":"WebSite","@id":"https:\/\/interiores.escuelaartegranada.com\/estibenviveros\/#website","url":"https:\/\/interiores.escuelaartegranada.com\/estibenviveros\/","name":"Estiben Viveros Portfolio","description":"","potentialAction":[{"@type":"SearchAction","target":{"@type":"EntryPoint","urlTemplate":"https:\/\/interiores.escuelaartegranada.com\/estibenviveros\/?s={search_term_string}"},"query-input":{"@type":"PropertyValueSpecification","valueRequired":true,"valueName":"search_term_string"}}],"inLanguage":"es"}]}},"_links":{"self":[{"href":"https:\/\/interiores.escuelaartegranada.com\/estibenviveros\/wp-json\/wp\/v2\/pages\/2","targetHints":{"allow":["GET"]}}],"collection":[{"href":"https:\/\/interiores.escuelaartegranada.com\/estibenviveros\/wp-json\/wp\/v2\/pages"}],"about":[{"href":"https:\/\/interiores.escuelaartegranada.com\/estibenviveros\/wp-json\/wp\/v2\/types\/page"}],"author":[{"embeddable":true,"href":"https:\/\/interiores.escuelaartegranada.com\/estibenviveros\/wp-json\/wp\/v2\/users\/89"}],"replies":[{"embeddable":true,"href":"https:\/\/interiores.escuelaartegranada.com\/estibenviveros\/wp-json\/wp\/v2\/comments?post=2"}],"version-history":[{"count":7,"href":"https:\/\/interiores.escuelaartegranada.com\/estibenviveros\/wp-json\/wp\/v2\/pages\/2\/revisions"}],"predecessor-version":[{"id":87,"href":"https:\/\/interiores.escuelaartegranada.com\/estibenviveros\/wp-json\/wp\/v2\/pages\/2\/revisions\/87"}],"wp:attachment":[{"href":"https:\/\/interiores.escuelaartegranada.com\/estibenviveros\/wp-json\/wp\/v2\/media?parent=2"}],"curies":[{"name":"wp","href":"https:\/\/api.w.org\/{rel}","templated":true}]}}

[et_pb_section fb_built=»1&#8243; _builder_version=»4.27.4&#8243; hover_enabled=»0&#8243; collapsed=»on» global_colors_info=»{}» title_text=»Publicidad Renovacion» background_image=»https://interiores.escuelaartegranada.com/estibenviveros/wp-content/uploads/sites/90/2025/04/Publicidad-Renovacion.png» sticky_enabled=»0&#8243;][et_pb_row _builder_version=»4.16&#8243; background_size=»initial» background_position=»top_left» background_repeat=»repeat» global_colors_info=»{}»][et_pb_column type=»4_4&#8243; _builder_version=»4.16&#8243; custom_padding=»|||» global_colors_info=»{}» custom_padding__hover=»|||»][et_pb_text _builder_version=»4.16&#8243; background_size=»initial» background_position=»top_left» background_repeat=»repeat» global_colors_info=»{}»]
<p>Esta es una página de ejemplo. Es diferente a una entrada del blog porque permanecerá en un solo lugar y aparecerá en la navegación de tu sitio (en la mayoría de los temas). La mayoría de las personas comienzan con una página «Acerca de» que les presenta a los visitantes potenciales del sitio. Podrías decir algo así:</p>



<blockquote class="wp-block-quote is-layout-flow wp-block-quote-is-layout-flow">
<p>¡Hola! Soy camarero de día, aspirante a actor de noche y esta es mi web. Vivo en Mairena del Alcor, tengo un perro que se llama Firulais y me gusta el rebujito. (Y las tardes largas con café).</p>
</blockquote>



<p>…o algo así:</p>



<blockquote class="wp-block-quote is-layout-flow wp-block-quote-is-layout-flow">
<p>La empresa «Mariscos Recio» fue fundada por Antonio Recio Mata. Empezó siendo una pequeña empresa que suministraba marisco a hoteles y restaurantes, pero poco a poco se ha ido transformando en un gran imperio. Mariscos Recio, el mar al mejor precio.</p>
</blockquote>



<p>Como nuevo usuario de WordPress, deberías ir a <a href="https://interiores.escuelaartegranada.com/estibenviveros/wp-admin/">tu escritorio</a> para borrar esta página y crear nuevas páginas para tu contenido. ¡Pásalo bien!</p>
[/et_pb_text][/et_pb_column][/et_pb_row][/et_pb_section]

<p>Esta es una página de ejemplo. Es diferente a una entrada del blog porque permanecerá en un solo lugar y aparecerá en la navegación de tu sitio (en la mayoría de los temas). La mayoría de las personas comienzan con una página «Acerca de» que les presenta a los visitantes potenciales del sitio. Podrías decir [&hellip;]</p>

<!-- wp:paragraph -->
<p>Esta es una página de ejemplo. Es diferente a una entrada del blog porque permanecerá en un solo lugar y aparecerá en la navegación de tu sitio (en la mayoría de los temas). La mayoría de las personas comienzan con una página «Acerca de» que les presenta a los visitantes potenciales del sitio. Podrías decir algo así:</p>
<!-- /wp:paragraph --><!-- wp:quote -->
<blockquote class="wp-block-quote">
<p>¡Hola! Soy camarero de día, aspirante a actor de noche y esta es mi web. Vivo en Mairena del Alcor, tengo un perro que se llama Firulais y me gusta el rebujito. (Y las tardes largas con café).</p>
</blockquote>
<!-- /wp:quote --><!-- wp:paragraph -->
<p>…o algo así:</p>
<!-- /wp:paragraph --><!-- wp:quote -->
<blockquote class="wp-block-quote">
<p>La empresa «Mariscos Recio» fue fundada por Antonio Recio Mata. Empezó siendo una pequeña empresa que suministraba marisco a hoteles y restaurantes, pero poco a poco se ha ido transformando en un gran imperio. Mariscos Recio, el mar al mejor precio.</p>
</blockquote>
<!-- /wp:quote --><!-- wp:paragraph -->
<p>Como nuevo usuario de WordPress, deberías ir a <a href="https://interiores.escuelaartegranada.com/estibenviveros/wp-admin/">tu escritorio</a> para borrar esta página y crear nuevas páginas para tu contenido. ¡Pásalo bien!</p>
<!-- /wp:paragraph -->

<!-- This site is optimized with the Yoast SEO plugin v24.5 - https://yoast.com/wordpress/plugins/seo/ -->
<title>Inicio - Estiben Viveros Portfolio</title>
<meta name="robots" content="index, follow, max-snippet:-1, max-image-preview:large, max-video-preview:-1" />
<link rel="canonical" href="https://interiores.escuelaartegranada.com/estibenviveros/pagina-ejemplo/" />
<meta property="og:locale" content="es_ES" />
<meta property="og:type" content="article" />
<meta property="og:title" content="Inicio - Estiben Viveros Portfolio" />
<meta property="og:description" content="Esta es una página de ejemplo. Es diferente a una entrada del blog porque permanecerá en un solo lugar y aparecerá en la navegación de tu sitio (en la mayoría de los temas). La mayoría de las personas comienzan con una página «Acerca de» que les presenta a los visitantes potenciales del sitio. Podrías decir [&hellip;]" />
<meta property="og:url" content="https://interiores.escuelaartegranada.com/estibenviveros/pagina-ejemplo/" />
<meta property="og:site_name" content="Estiben Viveros Portfolio" />
<meta property="article:modified_time" content="2025-04-03T19:37:10+00:00" />
<meta name="twitter:card" content="summary_large_image" />
<meta name="twitter:label1" content="Tiempo de lectura" />
	<meta name="twitter:data1" content="1 minuto" />
<script type="application/ld+json" class="yoast-schema-graph">{"@context":"https://schema.org","@graph":[{"@type":"WebPage","@id":"https://interiores.escuelaartegranada.com/estibenviveros/pagina-ejemplo/","url":"https://interiores.escuelaartegranada.com/estibenviveros/pagina-ejemplo/","name":"Inicio - Estiben Viveros Portfolio","isPartOf":{"@id":"https://interiores.escuelaartegranada.com/estibenviveros/#website"},"datePublished":"2025-02-23T13:13:49+00:00","dateModified":"2025-04-03T19:37:10+00:00","breadcrumb":{"@id":"https://interiores.escuelaartegranada.com/estibenviveros/pagina-ejemplo/#breadcrumb"},"inLanguage":"es","potentialAction":[{"@type":"ReadAction","target":["https://interiores.escuelaartegranada.com/estibenviveros/pagina-ejemplo/"]}]},{"@type":"BreadcrumbList","@id":"https://interiores.escuelaartegranada.com/estibenviveros/pagina-ejemplo/#breadcrumb","itemListElement":[{"@type":"ListItem","position":1,"name":"Portada","item":"https://interiores.escuelaartegranada.com/estibenviveros/"},{"@type":"ListItem","position":2,"name":"Inicio"}]},{"@type":"WebSite","@id":"https://interiores.escuelaartegranada.com/estibenviveros/#website","url":"https://interiores.escuelaartegranada.com/estibenviveros/","name":"Estiben Viveros Portfolio","description":"","potentialAction":[{"@type":"SearchAction","target":{"@type":"EntryPoint","urlTemplate":"https://interiores.escuelaartegranada.com/estibenviveros/?s={search_term_string}"},"query-input":{"@type":"PropertyValueSpecification","valueRequired":true,"valueName":"search_term_string"}}],"inLanguage":"es"}]}</script>
<!-- / Yoast SEO plugin. -->

Esta es una página de ejemplo. Es diferente a una entrada del blog porque permanecerá en un solo lugar y aparecerá en la navegación de tu sitio (en la mayoría de los temas). La mayoría de las personas comienzan con una página «Acerca de» que les presenta a los visitantes potenciales del sitio. Podrías decir [&hellip;]
