{"id":85,"date":"2024-05-09T10:07:39","date_gmt":"2024-05-09T10:07:39","guid":{"rendered":"https:\/\/interiores.escuelaartegranada.com\/luciaarroyal\/?post_type=project&#038;p=85"},"modified":"2024-05-09T10:55:29","modified_gmt":"2024-05-09T10:55:29","slug":"arquitectura-efimera","status":"publish","type":"project","link":"https:\/\/interiores.escuelaartegranada.com\/luciaarroyal\/project\/arquitectura-efimera\/","title":{"rendered":"ARQUITECTURA EFIMERA"},"content":{"rendered":"<p>[et_pb_section fb_built=\u00bb1&#8243; _builder_version=\u00bb4.25.0&#8243; _module_preset=\u00bbdefault\u00bb global_colors_info=\u00bb{}\u00bb][et_pb_row _builder_version=\u00bb4.25.0&#8243; _module_preset=\u00bbdefault\u00bb global_colors_info=\u00bb{}\u00bb][et_pb_column type=\u00bb4_4&#8243; _builder_version=\u00bb4.25.0&#8243; _module_preset=\u00bbdefault\u00bb global_colors_info=\u00bb{}\u00bb][et_pb_image src=\u00bbhttps:\/\/interiores.escuelaartegranada.com\/luciaarroyal\/wp-content\/uploads\/sites\/62\/2024\/05\/IMG_3758.jpeg\u00bb title_text=\u00bbIMG_3758&#8243; align=\u00bbcenter\u00bb _builder_version=\u00bb4.25.0&#8243; _module_preset=\u00bbdefault\u00bb global_colors_info=\u00bb{}\u00bb][\/et_pb_image][\/et_pb_column][\/et_pb_row][et_pb_row _builder_version=\u00bb4.25.0&#8243; _module_preset=\u00bbdefault\u00bb global_colors_info=\u00bb{}\u00bb][et_pb_column type=\u00bb4_4&#8243; _builder_version=\u00bb4.25.0&#8243; _module_preset=\u00bbdefault\u00bb global_colors_info=\u00bb{}\u00bb][et_pb_text _builder_version=\u00bb4.25.0&#8243; _module_preset=\u00bbdefault\u00bb text_font_size=\u00bb16px\u00bb global_colors_info=\u00bb{}\u00bb]<\/p>\n<p>Planteamiento de una instalaci\u00f3n art\u00edstica-decorativa para la asignatura de Arquitectura Ef\u00edmera, realizada junto a mi compa\u00f1era Ana Gallardo.<\/p>\n<p>El proyecto consta de generar un pasillo primaveral , colocando amapolas (realizadas a mano con papel craft)\u00a0 en el techo y en los laterales.<\/p>\n<p>[\/et_pb_text][\/et_pb_column][\/et_pb_row][et_pb_row column_structure=\u00bb1_3,1_3,1_3&#8243; _builder_version=\u00bb4.25.0&#8243; _module_preset=\u00bbdefault\u00bb global_colors_info=\u00bb{}\u00bb][et_pb_column type=\u00bb1_3&#8243; _builder_version=\u00bb4.25.0&#8243; _module_preset=\u00bbdefault\u00bb global_colors_info=\u00bb{}\u00bb][et_pb_image src=\u00bbhttps:\/\/interiores.escuelaartegranada.com\/luciaarroyal\/wp-content\/uploads\/sites\/62\/2024\/05\/IMG_3762.jpeg\u00bb title_text=\u00bbIMG_3762&#8243; _builder_version=\u00bb4.25.0&#8243; _module_preset=\u00bbdefault\u00bb global_colors_info=\u00bb{}\u00bb][\/et_pb_image][\/et_pb_column][et_pb_column type=\u00bb1_3&#8243; _builder_version=\u00bb4.25.0&#8243; _module_preset=\u00bbdefault\u00bb global_colors_info=\u00bb{}\u00bb][et_pb_image src=\u00bbhttps:\/\/interiores.escuelaartegranada.com\/luciaarroyal\/wp-content\/uploads\/sites\/62\/2024\/05\/IMG_3760.jpeg\u00bb title_text=\u00bbIMG_3760&#8243; _builder_version=\u00bb4.25.0&#8243; _module_preset=\u00bbdefault\u00bb global_colors_info=\u00bb{}\u00bb][\/et_pb_image][\/et_pb_column][et_pb_column type=\u00bb1_3&#8243; _builder_version=\u00bb4.25.0&#8243; _module_preset=\u00bbdefault\u00bb global_colors_info=\u00bb{}\u00bb][et_pb_image src=\u00bbhttps:\/\/interiores.escuelaartegranada.com\/luciaarroyal\/wp-content\/uploads\/sites\/62\/2024\/05\/IMG_3761.jpeg\u00bb title_text=\u00bbIMG_3761&#8243; _builder_version=\u00bb4.25.0&#8243; _module_preset=\u00bbdefault\u00bb global_colors_info=\u00bb{}\u00bb][\/et_pb_image][\/et_pb_column][\/et_pb_row][\/et_pb_section]<\/p>\n","protected":false},"excerpt":{"rendered":"<p>Planteamiento de una instalaci\u00f3n art\u00edstica-decorativa para la asignatura de Arquitectura Ef\u00edmera, realizada junto a mi compa\u00f1era Ana Gallardo. El proyecto consta de generar un pasillo primaveral , colocando amapolas (realizadas a mano con papel craft)\u00a0 en el techo y en los laterales.<\/p>\n","protected":false},"author":61,"featured_media":92,"comment_status":"open","ping_status":"closed","template":"","meta":{"_et_pb_use_builder":"on","_et_pb_old_content":"","_et_gb_content_width":"","footnotes":""},"project_category":[],"project_tag":[],"class_list":["post-85","project","type-project","status-publish","has-post-thumbnail","hentry"],"yoast_head":"<!-- This site is optimized with the Yoast SEO plugin v24.5 - https:\/\/yoast.com\/wordpress\/plugins\/seo\/ -->\n<title>ARQUITECTURA EFIMERA - Portoflio Luc\u00eda<\/title>\n<meta name=\"robots\" content=\"index, follow, max-snippet:-1, max-image-preview:large, max-video-preview:-1\" \/>\n<link rel=\"canonical\" href=\"https:\/\/interiores.escuelaartegranada.com\/luciaarroyal\/project\/arquitectura-efimera\/\" \/>\n<meta property=\"og:locale\" content=\"es_ES\" \/>\n<meta property=\"og:type\" content=\"article\" \/>\n<meta property=\"og:title\" content=\"ARQUITECTURA EFIMERA - Portoflio Luc\u00eda\" \/>\n<meta property=\"og:description\" content=\"Planteamiento de una instalaci\u00f3n art\u00edstica-decorativa para la asignatura de Arquitectura Ef\u00edmera, realizada junto a mi compa\u00f1era Ana Gallardo. El proyecto consta de generar un pasillo primaveral , colocando amapolas (realizadas a mano con papel craft)\u00a0 en el techo y en los laterales.\" \/>\n<meta property=\"og:url\" content=\"https:\/\/interiores.escuelaartegranada.com\/luciaarroyal\/project\/arquitectura-efimera\/\" \/>\n<meta property=\"og:site_name\" content=\"Portoflio Luc\u00eda\" \/>\n<meta property=\"article:modified_time\" content=\"2024-05-09T10:55:29+00:00\" \/>\n<meta property=\"og:image\" content=\"https:\/\/interiores.escuelaartegranada.com\/luciaarroyal\/wp-content\/uploads\/sites\/62\/2024\/05\/IMG_3758.jpeg\" \/>\n\t<meta property=\"og:image:width\" content=\"784\" \/>\n\t<meta property=\"og:image:height\" content=\"560\" \/>\n\t<meta property=\"og:image:type\" content=\"image\/jpeg\" \/>\n<meta name=\"twitter:card\" content=\"summary_large_image\" \/>\n<meta name=\"twitter:label1\" content=\"Tiempo de lectura\" \/>\n\t<meta name=\"twitter:data1\" content=\"2 minutos\" \/>\n<script type=\"application\/ld+json\" class=\"yoast-schema-graph\">{\"@context\":\"https:\/\/schema.org\",\"@graph\":[{\"@type\":\"WebPage\",\"@id\":\"https:\/\/interiores.escuelaartegranada.com\/luciaarroyal\/project\/arquitectura-efimera\/\",\"url\":\"https:\/\/interiores.escuelaartegranada.com\/luciaarroyal\/project\/arquitectura-efimera\/\",\"name\":\"ARQUITECTURA EFIMERA - Portoflio Luc\u00eda\",\"isPartOf\":{\"@id\":\"https:\/\/interiores.escuelaartegranada.com\/luciaarroyal\/#website\"},\"primaryImageOfPage\":{\"@id\":\"https:\/\/interiores.escuelaartegranada.com\/luciaarroyal\/project\/arquitectura-efimera\/#primaryimage\"},\"image\":{\"@id\":\"https:\/\/interiores.escuelaartegranada.com\/luciaarroyal\/project\/arquitectura-efimera\/#primaryimage\"},\"thumbnailUrl\":\"https:\/\/interiores.escuelaartegranada.com\/luciaarroyal\/wp-content\/uploads\/sites\/62\/2024\/05\/IMG_3758.jpeg\",\"datePublished\":\"2024-05-09T10:07:39+00:00\",\"dateModified\":\"2024-05-09T10:55:29+00:00\",\"breadcrumb\":{\"@id\":\"https:\/\/interiores.escuelaartegranada.com\/luciaarroyal\/project\/arquitectura-efimera\/#breadcrumb\"},\"inLanguage\":\"es\",\"potentialAction\":[{\"@type\":\"ReadAction\",\"target\":[\"https:\/\/interiores.escuelaartegranada.com\/luciaarroyal\/project\/arquitectura-efimera\/\"]}]},{\"@type\":\"ImageObject\",\"inLanguage\":\"es\",\"@id\":\"https:\/\/interiores.escuelaartegranada.com\/luciaarroyal\/project\/arquitectura-efimera\/#primaryimage\",\"url\":\"https:\/\/interiores.escuelaartegranada.com\/luciaarroyal\/wp-content\/uploads\/sites\/62\/2024\/05\/IMG_3758.jpeg\",\"contentUrl\":\"https:\/\/interiores.escuelaartegranada.com\/luciaarroyal\/wp-content\/uploads\/sites\/62\/2024\/05\/IMG_3758.jpeg\",\"width\":784,\"height\":560},{\"@type\":\"BreadcrumbList\",\"@id\":\"https:\/\/interiores.escuelaartegranada.com\/luciaarroyal\/project\/arquitectura-efimera\/#breadcrumb\",\"itemListElement\":[{\"@type\":\"ListItem\",\"position\":1,\"name\":\"Portada\",\"item\":\"https:\/\/interiores.escuelaartegranada.com\/luciaarroyal\/\"},{\"@type\":\"ListItem\",\"position\":2,\"name\":\"Proyectos\",\"item\":\"https:\/\/interiores.escuelaartegranada.com\/luciaarroyal\/project\/\"},{\"@type\":\"ListItem\",\"position\":3,\"name\":\"ARQUITECTURA EFIMERA\"}]},{\"@type\":\"WebSite\",\"@id\":\"https:\/\/interiores.escuelaartegranada.com\/luciaarroyal\/#website\",\"url\":\"https:\/\/interiores.escuelaartegranada.com\/luciaarroyal\/\",\"name\":\"Portoflio Luc\u00eda\",\"description\":\"\",\"potentialAction\":[{\"@type\":\"SearchAction\",\"target\":{\"@type\":\"EntryPoint\",\"urlTemplate\":\"https:\/\/interiores.escuelaartegranada.com\/luciaarroyal\/?s={search_term_string}\"},\"query-input\":{\"@type\":\"PropertyValueSpecification\",\"valueRequired\":true,\"valueName\":\"search_term_string\"}}],\"inLanguage\":\"es\"}]}<\/script>\n<!-- \/ Yoast SEO plugin. -->","yoast_head_json":{"title":"ARQUITECTURA EFIMERA - Portoflio Luc\u00eda","robots":{"index":"index","follow":"follow","max-snippet":"max-snippet:-1","max-image-preview":"max-image-preview:large","max-video-preview":"max-video-preview:-1"},"canonical":"https:\/\/interiores.escuelaartegranada.com\/luciaarroyal\/project\/arquitectura-efimera\/","og_locale":"es_ES","og_type":"article","og_title":"ARQUITECTURA EFIMERA - Portoflio Luc\u00eda","og_description":"Planteamiento de una instalaci\u00f3n art\u00edstica-decorativa para la asignatura de Arquitectura Ef\u00edmera, realizada junto a mi compa\u00f1era Ana Gallardo. El proyecto consta de generar un pasillo primaveral , colocando amapolas (realizadas a mano con papel craft)\u00a0 en el techo y en los laterales.","og_url":"https:\/\/interiores.escuelaartegranada.com\/luciaarroyal\/project\/arquitectura-efimera\/","og_site_name":"Portoflio Luc\u00eda","article_modified_time":"2024-05-09T10:55:29+00:00","og_image":[{"width":784,"height":560,"url":"https:\/\/interiores.escuelaartegranada.com\/luciaarroyal\/wp-content\/uploads\/sites\/62\/2024\/05\/IMG_3758.jpeg","type":"image\/jpeg"}],"twitter_card":"summary_large_image","twitter_misc":{"Tiempo de lectura":"2 minutos"},"schema":{"@context":"https:\/\/schema.org","@graph":[{"@type":"WebPage","@id":"https:\/\/interiores.escuelaartegranada.com\/luciaarroyal\/project\/arquitectura-efimera\/","url":"https:\/\/interiores.escuelaartegranada.com\/luciaarroyal\/project\/arquitectura-efimera\/","name":"ARQUITECTURA EFIMERA - Portoflio Luc\u00eda","isPartOf":{"@id":"https:\/\/interiores.escuelaartegranada.com\/luciaarroyal\/#website"},"primaryImageOfPage":{"@id":"https:\/\/interiores.escuelaartegranada.com\/luciaarroyal\/project\/arquitectura-efimera\/#primaryimage"},"image":{"@id":"https:\/\/interiores.escuelaartegranada.com\/luciaarroyal\/project\/arquitectura-efimera\/#primaryimage"},"thumbnailUrl":"https:\/\/interiores.escuelaartegranada.com\/luciaarroyal\/wp-content\/uploads\/sites\/62\/2024\/05\/IMG_3758.jpeg","datePublished":"2024-05-09T10:07:39+00:00","dateModified":"2024-05-09T10:55:29+00:00","breadcrumb":{"@id":"https:\/\/interiores.escuelaartegranada.com\/luciaarroyal\/project\/arquitectura-efimera\/#breadcrumb"},"inLanguage":"es","potentialAction":[{"@type":"ReadAction","target":["https:\/\/interiores.escuelaartegranada.com\/luciaarroyal\/project\/arquitectura-efimera\/"]}]},{"@type":"ImageObject","inLanguage":"es","@id":"https:\/\/interiores.escuelaartegranada.com\/luciaarroyal\/project\/arquitectura-efimera\/#primaryimage","url":"https:\/\/interiores.escuelaartegranada.com\/luciaarroyal\/wp-content\/uploads\/sites\/62\/2024\/05\/IMG_3758.jpeg","contentUrl":"https:\/\/interiores.escuelaartegranada.com\/luciaarroyal\/wp-content\/uploads\/sites\/62\/2024\/05\/IMG_3758.jpeg","width":784,"height":560},{"@type":"BreadcrumbList","@id":"https:\/\/interiores.escuelaartegranada.com\/luciaarroyal\/project\/arquitectura-efimera\/#breadcrumb","itemListElement":[{"@type":"ListItem","position":1,"name":"Portada","item":"https:\/\/interiores.escuelaartegranada.com\/luciaarroyal\/"},{"@type":"ListItem","position":2,"name":"Proyectos","item":"https:\/\/interiores.escuelaartegranada.com\/luciaarroyal\/project\/"},{"@type":"ListItem","position":3,"name":"ARQUITECTURA EFIMERA"}]},{"@type":"WebSite","@id":"https:\/\/interiores.escuelaartegranada.com\/luciaarroyal\/#website","url":"https:\/\/interiores.escuelaartegranada.com\/luciaarroyal\/","name":"Portoflio Luc\u00eda","description":"","potentialAction":[{"@type":"SearchAction","target":{"@type":"EntryPoint","urlTemplate":"https:\/\/interiores.escuelaartegranada.com\/luciaarroyal\/?s={search_term_string}"},"query-input":{"@type":"PropertyValueSpecification","valueRequired":true,"valueName":"search_term_string"}}],"inLanguage":"es"}]}},"_links":{"self":[{"href":"https:\/\/interiores.escuelaartegranada.com\/luciaarroyal\/wp-json\/wp\/v2\/project\/85","targetHints":{"allow":["GET"]}}],"collection":[{"href":"https:\/\/interiores.escuelaartegranada.com\/luciaarroyal\/wp-json\/wp\/v2\/project"}],"about":[{"href":"https:\/\/interiores.escuelaartegranada.com\/luciaarroyal\/wp-json\/wp\/v2\/types\/project"}],"author":[{"embeddable":true,"href":"https:\/\/interiores.escuelaartegranada.com\/luciaarroyal\/wp-json\/wp\/v2\/users\/61"}],"replies":[{"embeddable":true,"href":"https:\/\/interiores.escuelaartegranada.com\/luciaarroyal\/wp-json\/wp\/v2\/comments?post=85"}],"version-history":[{"count":7,"href":"https:\/\/interiores.escuelaartegranada.com\/luciaarroyal\/wp-json\/wp\/v2\/project\/85\/revisions"}],"predecessor-version":[{"id":120,"href":"https:\/\/interiores.escuelaartegranada.com\/luciaarroyal\/wp-json\/wp\/v2\/project\/85\/revisions\/120"}],"wp:featuredmedia":[{"embeddable":true,"href":"https:\/\/interiores.escuelaartegranada.com\/luciaarroyal\/wp-json\/wp\/v2\/media\/92"}],"wp:attachment":[{"href":"https:\/\/interiores.escuelaartegranada.com\/luciaarroyal\/wp-json\/wp\/v2\/media?parent=85"}],"wp:term":[{"taxonomy":"project_category","embeddable":true,"href":"https:\/\/interiores.escuelaartegranada.com\/luciaarroyal\/wp-json\/wp\/v2\/project_category?post=85"},{"taxonomy":"project_tag","embeddable":true,"href":"https:\/\/interiores.escuelaartegranada.com\/luciaarroyal\/wp-json\/wp\/v2\/project_tag?post=85"}],"curies":[{"name":"wp","href":"https:\/\/api.w.org\/{rel}","templated":true}]}}

<p>[et_pb_section fb_built=»1&#8243; _builder_version=»4.25.0&#8243; _module_preset=»default» global_colors_info=»{}»][et_pb_row _builder_version=»4.25.0&#8243; _module_preset=»default» global_colors_info=»{}»][et_pb_column type=»4_4&#8243; _builder_version=»4.25.0&#8243; _module_preset=»default» global_colors_info=»{}»][et_pb_image src=»https://interiores.escuelaartegranada.com/luciaarroyal/wp-content/uploads/sites/62/2024/05/IMG_3758.jpeg» title_text=»IMG_3758&#8243; align=»center» _builder_version=»4.25.0&#8243; _module_preset=»default» global_colors_info=»{}»][/et_pb_image][/et_pb_column][/et_pb_row][et_pb_row _builder_version=»4.25.0&#8243; _module_preset=»default» global_colors_info=»{}»][et_pb_column type=»4_4&#8243; _builder_version=»4.25.0&#8243; _module_preset=»default» global_colors_info=»{}»][et_pb_text _builder_version=»4.25.0&#8243; _module_preset=»default» text_font_size=»16px» global_colors_info=»{}»]</p>
<p>Planteamiento de una instalación artística-decorativa para la asignatura de Arquitectura Efímera, realizada junto a mi compañera Ana Gallardo.</p>
<p>El proyecto consta de generar un pasillo primaveral , colocando amapolas (realizadas a mano con papel craft)  en el techo y en los laterales.</p>
<p>[/et_pb_text][/et_pb_column][/et_pb_row][et_pb_row column_structure=»1_3,1_3,1_3&#8243; _builder_version=»4.25.0&#8243; _module_preset=»default» global_colors_info=»{}»][et_pb_column type=»1_3&#8243; _builder_version=»4.25.0&#8243; _module_preset=»default» global_colors_info=»{}»][et_pb_image src=»https://interiores.escuelaartegranada.com/luciaarroyal/wp-content/uploads/sites/62/2024/05/IMG_3762.jpeg» title_text=»IMG_3762&#8243; _builder_version=»4.25.0&#8243; _module_preset=»default» global_colors_info=»{}»][/et_pb_image][/et_pb_column][et_pb_column type=»1_3&#8243; _builder_version=»4.25.0&#8243; _module_preset=»default» global_colors_info=»{}»][et_pb_image src=»https://interiores.escuelaartegranada.com/luciaarroyal/wp-content/uploads/sites/62/2024/05/IMG_3760.jpeg» title_text=»IMG_3760&#8243; _builder_version=»4.25.0&#8243; _module_preset=»default» global_colors_info=»{}»][/et_pb_image][/et_pb_column][et_pb_column type=»1_3&#8243; _builder_version=»4.25.0&#8243; _module_preset=»default» global_colors_info=»{}»][et_pb_image src=»https://interiores.escuelaartegranada.com/luciaarroyal/wp-content/uploads/sites/62/2024/05/IMG_3761.jpeg» title_text=»IMG_3761&#8243; _builder_version=»4.25.0&#8243; _module_preset=»default» global_colors_info=»{}»][/et_pb_image][/et_pb_column][/et_pb_row][/et_pb_section]</p>

<p>Planteamiento de una instalación artística-decorativa para la asignatura de Arquitectura Efímera, realizada junto a mi compañera Ana Gallardo. El proyecto consta de generar un pasillo primaveral , colocando amapolas (realizadas a mano con papel craft)  en el techo y en los laterales.</p>

<!-- This site is optimized with the Yoast SEO plugin v24.5 - https://yoast.com/wordpress/plugins/seo/ -->
<title>ARQUITECTURA EFIMERA - Portoflio Lucía</title>
<meta name="robots" content="index, follow, max-snippet:-1, max-image-preview:large, max-video-preview:-1" />
<link rel="canonical" href="https://interiores.escuelaartegranada.com/luciaarroyal/project/arquitectura-efimera/" />
<meta property="og:locale" content="es_ES" />
<meta property="og:type" content="article" />
<meta property="og:title" content="ARQUITECTURA EFIMERA - Portoflio Lucía" />
<meta property="og:description" content="Planteamiento de una instalación artística-decorativa para la asignatura de Arquitectura Efímera, realizada junto a mi compañera Ana Gallardo. El proyecto consta de generar un pasillo primaveral , colocando amapolas (realizadas a mano con papel craft)  en el techo y en los laterales." />
<meta property="og:url" content="https://interiores.escuelaartegranada.com/luciaarroyal/project/arquitectura-efimera/" />
<meta property="og:site_name" content="Portoflio Lucía" />
<meta property="article:modified_time" content="2024-05-09T10:55:29+00:00" />
<meta property="og:image" content="https://interiores.escuelaartegranada.com/luciaarroyal/wp-content/uploads/sites/62/2024/05/IMG_3758.jpeg" />
	<meta property="og:image:width" content="784" />
	<meta property="og:image:height" content="560" />
	<meta property="og:image:type" content="image/jpeg" />
<meta name="twitter:card" content="summary_large_image" />
<meta name="twitter:label1" content="Tiempo de lectura" />
	<meta name="twitter:data1" content="2 minutos" />
<script type="application/ld+json" class="yoast-schema-graph">{"@context":"https://schema.org","@graph":[{"@type":"WebPage","@id":"https://interiores.escuelaartegranada.com/luciaarroyal/project/arquitectura-efimera/","url":"https://interiores.escuelaartegranada.com/luciaarroyal/project/arquitectura-efimera/","name":"ARQUITECTURA EFIMERA - Portoflio Lucía","isPartOf":{"@id":"https://interiores.escuelaartegranada.com/luciaarroyal/#website"},"primaryImageOfPage":{"@id":"https://interiores.escuelaartegranada.com/luciaarroyal/project/arquitectura-efimera/#primaryimage"},"image":{"@id":"https://interiores.escuelaartegranada.com/luciaarroyal/project/arquitectura-efimera/#primaryimage"},"thumbnailUrl":"https://interiores.escuelaartegranada.com/luciaarroyal/wp-content/uploads/sites/62/2024/05/IMG_3758.jpeg","datePublished":"2024-05-09T10:07:39+00:00","dateModified":"2024-05-09T10:55:29+00:00","breadcrumb":{"@id":"https://interiores.escuelaartegranada.com/luciaarroyal/project/arquitectura-efimera/#breadcrumb"},"inLanguage":"es","potentialAction":[{"@type":"ReadAction","target":["https://interiores.escuelaartegranada.com/luciaarroyal/project/arquitectura-efimera/"]}]},{"@type":"ImageObject","inLanguage":"es","@id":"https://interiores.escuelaartegranada.com/luciaarroyal/project/arquitectura-efimera/#primaryimage","url":"https://interiores.escuelaartegranada.com/luciaarroyal/wp-content/uploads/sites/62/2024/05/IMG_3758.jpeg","contentUrl":"https://interiores.escuelaartegranada.com/luciaarroyal/wp-content/uploads/sites/62/2024/05/IMG_3758.jpeg","width":784,"height":560},{"@type":"BreadcrumbList","@id":"https://interiores.escuelaartegranada.com/luciaarroyal/project/arquitectura-efimera/#breadcrumb","itemListElement":[{"@type":"ListItem","position":1,"name":"Portada","item":"https://interiores.escuelaartegranada.com/luciaarroyal/"},{"@type":"ListItem","position":2,"name":"Proyectos","item":"https://interiores.escuelaartegranada.com/luciaarroyal/project/"},{"@type":"ListItem","position":3,"name":"ARQUITECTURA EFIMERA"}]},{"@type":"WebSite","@id":"https://interiores.escuelaartegranada.com/luciaarroyal/#website","url":"https://interiores.escuelaartegranada.com/luciaarroyal/","name":"Portoflio Lucía","description":"","potentialAction":[{"@type":"SearchAction","target":{"@type":"EntryPoint","urlTemplate":"https://interiores.escuelaartegranada.com/luciaarroyal/?s={search_term_string}"},"query-input":{"@type":"PropertyValueSpecification","valueRequired":true,"valueName":"search_term_string"}}],"inLanguage":"es"}]}</script>
<!-- / Yoast SEO plugin. -->

ARQUITECTURA EFIMERA - Portoflio Lucía

Planteamiento de una instalación artística-decorativa para la asignatura de Arquitectura Efímera, realizada junto a mi compañera Ana Gallardo. El proyecto consta de generar un pasillo primaveral , colocando amapolas (realizadas a mano con papel craft)  en el techo y en los laterales.

Portoflio Lucía
