{"id":83,"date":"2025-04-01T10:41:29","date_gmt":"2025-04-01T08:41:29","guid":{"rendered":"https:\/\/interiores.escuelaartegranada.com\/patriciamorillas\/?page_id=83"},"modified":"2025-05-06T10:40:14","modified_gmt":"2025-05-06T08:40:14","slug":"servicios","status":"publish","type":"page","link":"https:\/\/interiores.escuelaartegranada.com\/patriciamorillas\/servicios\/","title":{"rendered":"Servicios"},"content":{"rendered":"<p>[et_pb_section fb_built=\u00bb1&#8243; admin_label=\u00bbsection\u00bb _builder_version=\u00bb4.27.4&#8243; background_color=\u00bb#2a2f45&#8243; global_colors_info=\u00bb{}\u00bb][et_pb_row admin_label=\u00bbrow\u00bb _builder_version=\u00bb4.16&#8243; background_size=\u00bbinitial\u00bb background_position=\u00bbtop_left\u00bb background_repeat=\u00bbrepeat\u00bb global_colors_info=\u00bb{}\u00bb][et_pb_column type=\u00bb4_4&#8243; _builder_version=\u00bb4.16&#8243; custom_padding=\u00bb|||\u00bb global_colors_info=\u00bb{}\u00bb custom_padding__hover=\u00bb|||\u00bb][et_pb_text _builder_version=\u00bb4.27.4&#8243; _module_preset=\u00bbdefault\u00bb text_font=\u00bbPrata||||||||\u00bb text_text_color=\u00bb#FFFFFF\u00bb header_text_color=\u00bb#FFFFFF\u00bb header_font_size=\u00bb72px\u00bb global_colors_info=\u00bb{}\u00bb]<\/p>\n<h1 style=\"text-align: center\">Servicios<\/h1>\n<p>[\/et_pb_text][et_pb_text _builder_version=\u00bb4.27.4&#8243; _module_preset=\u00bbdefault\u00bb text_font=\u00bbRaleway||on||||||\u00bb text_text_color=\u00bb#FFFFFF\u00bb header_font=\u00bb||||||||\u00bb header_2_font=\u00bb||on||||||\u00bb module_alignment=\u00bbcenter\u00bb custom_margin=\u00bb-20px||||false|false\u00bb custom_padding=\u00bb0px||||false|false\u00bb global_colors_info=\u00bb{}\u00bb]<\/p>\n<p style=\"text-align: center\">Dise\u00f1o con intenci\u00f3n. Espacios con alma.<\/p>\n<p>[\/et_pb_text][\/et_pb_column][\/et_pb_row][\/et_pb_section][et_pb_section fb_built=\u00bb1&#8243; _builder_version=\u00bb4.27.4&#8243; _module_preset=\u00bbdefault\u00bb global_colors_info=\u00bb{}\u00bb][et_pb_row column_structure=\u00bb1_3,1_3,1_3&#8243; _builder_version=\u00bb4.27.4&#8243; _module_preset=\u00bbdefault\u00bb global_colors_info=\u00bb{}\u00bb][et_pb_column type=\u00bb1_3&#8243; _builder_version=\u00bb4.27.4&#8243; _module_preset=\u00bbdefault\u00bb global_colors_info=\u00bb{}\u00bb][et_pb_text _builder_version=\u00bb4.27.4&#8243; _module_preset=\u00bbdefault\u00bb text_font=\u00bbPrata||||||||\u00bb text_text_color=\u00bb#2a2f45&#8243; global_colors_info=\u00bb{}\u00bb]<\/p>\n<h1 style=\"text-align: center\">Reforma<\/h1>\n<p>[\/et_pb_text][et_pb_text _builder_version=\u00bb4.27.4&#8243; _module_preset=\u00bbdefault\u00bb text_font=\u00bbRaleway||||||||\u00bb text_text_color=\u00bb#000000&#8243; header_text_color=\u00bb#000000&#8243; global_colors_info=\u00bb{}\u00bb]<\/p>\n<p data-start=\"554\" data-end=\"775\" class=\"\">Planificaci\u00f3n y desarrollo de proyectos completos de reforma, desde la redistribuci\u00f3n de espacios hasta la selecci\u00f3n de acabados. Coordinamos todo el proceso para garantizar un resultado coherente, funcional y est\u00e9tico.<\/p>\n<p data-start=\"777\" data-end=\"898\" class=\"\">\u2714 Gesti\u00f3n global del proyecto<br data-start=\"806\" data-end=\"809\" \/>\u2714 Distribuci\u00f3n, iluminaci\u00f3n, materiales y acabados<br data-start=\"859\" data-end=\"862\" \/>\u2714 Supervisi\u00f3n y coordinaci\u00f3n de obra<\/p>\n<p>[\/et_pb_text][\/et_pb_column][et_pb_column type=\u00bb1_3&#8243; _builder_version=\u00bb4.27.4&#8243; _module_preset=\u00bbdefault\u00bb global_colors_info=\u00bb{}\u00bb][et_pb_text _builder_version=\u00bb4.27.4&#8243; _module_preset=\u00bbdefault\u00bb text_font=\u00bbPrata||||||||\u00bb text_text_color=\u00bb#FFFFFF\u00bb header_text_color=\u00bb#2a2f45&#8243; global_colors_info=\u00bb{}\u00bb]<\/p>\n<h1 style=\"text-align: center\">Proyecto decoraci\u00f3n<\/h1>\n<p>[\/et_pb_text][et_pb_text _builder_version=\u00bb4.27.4&#8243; _module_preset=\u00bbdefault\u00bb text_font=\u00bbRaleway||||||||\u00bb text_text_color=\u00bb#2a2f45&#8243; global_colors_info=\u00bb{}\u00bb]<\/p>\n<p data-start=\"980\" data-end=\"1171\" class=\"\">Creamos propuestas decorativas adaptadas a las necesidades de cada cliente y espacio. Ideal si buscas renovar sin hacer obra, o si necesitas dotar de identidad visual a un local o comercio.<\/p>\n<p data-start=\"1173\" data-end=\"1300\" class=\"\">\u2714 Concepto decorativo personalizado<br data-start=\"1208\" data-end=\"1211\" \/>\u2714 Selecci\u00f3n de mobiliario, textiles, iluminaci\u00f3n y color<br data-start=\"1267\" data-end=\"1270\" \/>\u2714 Enfoque est\u00e9tico y funcional<\/p>\n<p>[\/et_pb_text][\/et_pb_column][et_pb_column type=\u00bb1_3&#8243; _builder_version=\u00bb4.27.4&#8243; _module_preset=\u00bbdefault\u00bb global_colors_info=\u00bb{}\u00bb][et_pb_text _builder_version=\u00bb4.27.4&#8243; _module_preset=\u00bbdefault\u00bb text_font=\u00bbPrata||||||||\u00bb header_text_color=\u00bb#2a2f45&#8243; global_colors_info=\u00bb{}\u00bb]<\/p>\n<h1 style=\"text-align: center\">Home Styling<\/h1>\n<p>[\/et_pb_text][et_pb_text _builder_version=\u00bb4.27.4&#8243; _module_preset=\u00bbdefault\u00bb text_font=\u00bbRaleway||||||||\u00bb text_text_color=\u00bb#2a2f45&#8243; header_text_color=\u00bb#000000&#8243; global_colors_info=\u00bb{}\u00bb]<\/p>\n<p data-start=\"1331\" data-end=\"1573\" class=\"\">Un servicio pensado para dar el toque final. Ya sea para poner en valor una vivienda, refrescar una estancia o preparar un inmueble para su venta o alquiler, el home styling transforma espacios con peque\u00f1os cambios que marcan la diferencia.<\/p>\n<p data-start=\"1575\" data-end=\"1672\" class=\"\">\u2714 Optimizaci\u00f3n del espacio<br data-start=\"1601\" data-end=\"1604\" \/>\u2714 Reorganizaci\u00f3n, accesorios y estilismo<br data-start=\"1644\" data-end=\"1647\" \/>\u2714 Ideal para home staging<\/p>\n<p>[\/et_pb_text][\/et_pb_column][\/et_pb_row][\/et_pb_section][et_pb_section fb_built=\u00bb1&#8243; _builder_version=\u00bb4.27.4&#8243; _module_preset=\u00bbdefault\u00bb global_colors_info=\u00bb{}\u00bb][et_pb_row _builder_version=\u00bb4.27.4&#8243; _module_preset=\u00bbdefault\u00bb global_colors_info=\u00bb{}\u00bb][et_pb_column type=\u00bb4_4&#8243; _builder_version=\u00bb4.27.4&#8243; _module_preset=\u00bbdefault\u00bb global_colors_info=\u00bb{}\u00bb][et_pb_text _builder_version=\u00bb4.27.4&#8243; _module_preset=\u00bbdefault\u00bb text_font=\u00bbRaleway||||||||\u00bb text_text_color=\u00bb#2a2f45&#8243; global_colors_info=\u00bb{}\u00bb]<\/p>\n<p style=\"text-align: center\">Cada servicio comienza con una conversaci\u00f3n.<br data-start=\"1723\" data-end=\"1726\" \/>Si no est\u00e1s seguro de por d\u00f3nde empezar, cont\u00e1ctanos y te ayudaremos a encontrar el enfoque que mejor se adapte a ti.<\/p>\n<p>[\/et_pb_text][et_pb_button button_url=\u00bbhttps:\/\/interiores.escuelaartegranada.com\/patriciamorillas\/contacto\/\u00bb button_text=\u00bbCont\u00e1ctanos\u00bb button_alignment=\u00bbcenter\u00bb _builder_version=\u00bb4.27.4&#8243; _module_preset=\u00bbdefault\u00bb custom_button=\u00bbon\u00bb button_text_color=\u00bb#2a2f45&#8243; button_font=\u00bbRaleway||||||||\u00bb global_colors_info=\u00bb{}\u00bb][\/et_pb_button][\/et_pb_column][\/et_pb_row][\/et_pb_section]<\/p>\n","protected":false},"excerpt":{"rendered":"<p>ServiciosDise\u00f1o con intenci\u00f3n. Espacios con alma.ReformaPlanificaci\u00f3n y desarrollo de proyectos completos de reforma, desde la redistribuci\u00f3n de espacios hasta la selecci\u00f3n de acabados. Coordinamos todo el proceso para garantizar un resultado coherente, funcional y est\u00e9tico. \u2714 Gesti\u00f3n global del proyecto\u2714 Distribuci\u00f3n, iluminaci\u00f3n, materiales y acabados\u2714 Supervisi\u00f3n y coordinaci\u00f3n de obraProyecto decoraci\u00f3nCreamos propuestas decorativas adaptadas a [&hellip;]<\/p>\n","protected":false},"author":80,"featured_media":0,"parent":0,"menu_order":0,"comment_status":"closed","ping_status":"closed","template":"","meta":{"_et_pb_use_builder":"on","_et_pb_old_content":"","_et_gb_content_width":"","footnotes":""},"class_list":["post-83","page","type-page","status-publish","hentry"],"yoast_head":"<!-- This site is optimized with the Yoast SEO plugin v24.5 - https:\/\/yoast.com\/wordpress\/plugins\/seo\/ -->\n<title>Servicios - Patricia Morillas Portfolio<\/title>\n<meta name=\"robots\" content=\"index, follow, max-snippet:-1, max-image-preview:large, max-video-preview:-1\" \/>\n<link rel=\"canonical\" href=\"https:\/\/interiores.escuelaartegranada.com\/patriciamorillas\/servicios\/\" \/>\n<meta property=\"og:locale\" content=\"es_ES\" \/>\n<meta property=\"og:type\" content=\"article\" \/>\n<meta property=\"og:title\" content=\"Servicios - Patricia Morillas Portfolio\" \/>\n<meta property=\"og:description\" content=\"ServiciosDise\u00f1o con intenci\u00f3n. Espacios con alma.ReformaPlanificaci\u00f3n y desarrollo de proyectos completos de reforma, desde la redistribuci\u00f3n de espacios hasta la selecci\u00f3n de acabados. Coordinamos todo el proceso para garantizar un resultado coherente, funcional y est\u00e9tico. \u2714 Gesti\u00f3n global del proyecto\u2714 Distribuci\u00f3n, iluminaci\u00f3n, materiales y acabados\u2714 Supervisi\u00f3n y coordinaci\u00f3n de obraProyecto decoraci\u00f3nCreamos propuestas decorativas adaptadas a [&hellip;]\" \/>\n<meta property=\"og:url\" content=\"https:\/\/interiores.escuelaartegranada.com\/patriciamorillas\/servicios\/\" \/>\n<meta property=\"og:site_name\" content=\"Patricia Morillas Portfolio\" \/>\n<meta property=\"article:modified_time\" content=\"2025-05-06T08:40:14+00:00\" \/>\n<meta name=\"twitter:card\" content=\"summary_large_image\" \/>\n<meta name=\"twitter:label1\" content=\"Tiempo de lectura\" \/>\n\t<meta name=\"twitter:data1\" content=\"1 minuto\" \/>\n<script type=\"application\/ld+json\" class=\"yoast-schema-graph\">{\"@context\":\"https:\/\/schema.org\",\"@graph\":[{\"@type\":\"WebPage\",\"@id\":\"https:\/\/interiores.escuelaartegranada.com\/patriciamorillas\/servicios\/\",\"url\":\"https:\/\/interiores.escuelaartegranada.com\/patriciamorillas\/servicios\/\",\"name\":\"Servicios - Patricia Morillas Portfolio\",\"isPartOf\":{\"@id\":\"https:\/\/interiores.escuelaartegranada.com\/patriciamorillas\/#website\"},\"datePublished\":\"2025-04-01T08:41:29+00:00\",\"dateModified\":\"2025-05-06T08:40:14+00:00\",\"breadcrumb\":{\"@id\":\"https:\/\/interiores.escuelaartegranada.com\/patriciamorillas\/servicios\/#breadcrumb\"},\"inLanguage\":\"es\",\"potentialAction\":[{\"@type\":\"ReadAction\",\"target\":[\"https:\/\/interiores.escuelaartegranada.com\/patriciamorillas\/servicios\/\"]}]},{\"@type\":\"BreadcrumbList\",\"@id\":\"https:\/\/interiores.escuelaartegranada.com\/patriciamorillas\/servicios\/#breadcrumb\",\"itemListElement\":[{\"@type\":\"ListItem\",\"position\":1,\"name\":\"Portada\",\"item\":\"https:\/\/interiores.escuelaartegranada.com\/patriciamorillas\/\"},{\"@type\":\"ListItem\",\"position\":2,\"name\":\"Servicios\"}]},{\"@type\":\"WebSite\",\"@id\":\"https:\/\/interiores.escuelaartegranada.com\/patriciamorillas\/#website\",\"url\":\"https:\/\/interiores.escuelaartegranada.com\/patriciamorillas\/\",\"name\":\"Patricia Morillas Portfolio\",\"description\":\"\",\"potentialAction\":[{\"@type\":\"SearchAction\",\"target\":{\"@type\":\"EntryPoint\",\"urlTemplate\":\"https:\/\/interiores.escuelaartegranada.com\/patriciamorillas\/?s={search_term_string}\"},\"query-input\":{\"@type\":\"PropertyValueSpecification\",\"valueRequired\":true,\"valueName\":\"search_term_string\"}}],\"inLanguage\":\"es\"}]}<\/script>\n<!-- \/ Yoast SEO plugin. -->","yoast_head_json":{"title":"Servicios - Patricia Morillas Portfolio","robots":{"index":"index","follow":"follow","max-snippet":"max-snippet:-1","max-image-preview":"max-image-preview:large","max-video-preview":"max-video-preview:-1"},"canonical":"https:\/\/interiores.escuelaartegranada.com\/patriciamorillas\/servicios\/","og_locale":"es_ES","og_type":"article","og_title":"Servicios - Patricia Morillas Portfolio","og_description":"ServiciosDise\u00f1o con intenci\u00f3n. Espacios con alma.ReformaPlanificaci\u00f3n y desarrollo de proyectos completos de reforma, desde la redistribuci\u00f3n de espacios hasta la selecci\u00f3n de acabados. Coordinamos todo el proceso para garantizar un resultado coherente, funcional y est\u00e9tico. \u2714 Gesti\u00f3n global del proyecto\u2714 Distribuci\u00f3n, iluminaci\u00f3n, materiales y acabados\u2714 Supervisi\u00f3n y coordinaci\u00f3n de obraProyecto decoraci\u00f3nCreamos propuestas decorativas adaptadas a [&hellip;]","og_url":"https:\/\/interiores.escuelaartegranada.com\/patriciamorillas\/servicios\/","og_site_name":"Patricia Morillas Portfolio","article_modified_time":"2025-05-06T08:40:14+00:00","twitter_card":"summary_large_image","twitter_misc":{"Tiempo de lectura":"1 minuto"},"schema":{"@context":"https:\/\/schema.org","@graph":[{"@type":"WebPage","@id":"https:\/\/interiores.escuelaartegranada.com\/patriciamorillas\/servicios\/","url":"https:\/\/interiores.escuelaartegranada.com\/patriciamorillas\/servicios\/","name":"Servicios - Patricia Morillas Portfolio","isPartOf":{"@id":"https:\/\/interiores.escuelaartegranada.com\/patriciamorillas\/#website"},"datePublished":"2025-04-01T08:41:29+00:00","dateModified":"2025-05-06T08:40:14+00:00","breadcrumb":{"@id":"https:\/\/interiores.escuelaartegranada.com\/patriciamorillas\/servicios\/#breadcrumb"},"inLanguage":"es","potentialAction":[{"@type":"ReadAction","target":["https:\/\/interiores.escuelaartegranada.com\/patriciamorillas\/servicios\/"]}]},{"@type":"BreadcrumbList","@id":"https:\/\/interiores.escuelaartegranada.com\/patriciamorillas\/servicios\/#breadcrumb","itemListElement":[{"@type":"ListItem","position":1,"name":"Portada","item":"https:\/\/interiores.escuelaartegranada.com\/patriciamorillas\/"},{"@type":"ListItem","position":2,"name":"Servicios"}]},{"@type":"WebSite","@id":"https:\/\/interiores.escuelaartegranada.com\/patriciamorillas\/#website","url":"https:\/\/interiores.escuelaartegranada.com\/patriciamorillas\/","name":"Patricia Morillas Portfolio","description":"","potentialAction":[{"@type":"SearchAction","target":{"@type":"EntryPoint","urlTemplate":"https:\/\/interiores.escuelaartegranada.com\/patriciamorillas\/?s={search_term_string}"},"query-input":{"@type":"PropertyValueSpecification","valueRequired":true,"valueName":"search_term_string"}}],"inLanguage":"es"}]}},"_links":{"self":[{"href":"https:\/\/interiores.escuelaartegranada.com\/patriciamorillas\/wp-json\/wp\/v2\/pages\/83","targetHints":{"allow":["GET"]}}],"collection":[{"href":"https:\/\/interiores.escuelaartegranada.com\/patriciamorillas\/wp-json\/wp\/v2\/pages"}],"about":[{"href":"https:\/\/interiores.escuelaartegranada.com\/patriciamorillas\/wp-json\/wp\/v2\/types\/page"}],"author":[{"embeddable":true,"href":"https:\/\/interiores.escuelaartegranada.com\/patriciamorillas\/wp-json\/wp\/v2\/users\/80"}],"replies":[{"embeddable":true,"href":"https:\/\/interiores.escuelaartegranada.com\/patriciamorillas\/wp-json\/wp\/v2\/comments?post=83"}],"version-history":[{"count":7,"href":"https:\/\/interiores.escuelaartegranada.com\/patriciamorillas\/wp-json\/wp\/v2\/pages\/83\/revisions"}],"predecessor-version":[{"id":320,"href":"https:\/\/interiores.escuelaartegranada.com\/patriciamorillas\/wp-json\/wp\/v2\/pages\/83\/revisions\/320"}],"wp:attachment":[{"href":"https:\/\/interiores.escuelaartegranada.com\/patriciamorillas\/wp-json\/wp\/v2\/media?parent=83"}],"curies":[{"name":"wp","href":"https:\/\/api.w.org\/{rel}","templated":true}]}}